Last updated on 2024-06-29 06:49:44 CEST.
Flavor | Version | Tinstall | Tcheck | Ttotal | Status | Flags |
---|---|---|---|---|---|---|
r-devel-linux-x86_64-debian-clang | 1.2.2 | 81.35 | 39.10 | 120.45 | NOTE | |
r-devel-linux-x86_64-debian-gcc | 1.2.2 | 53.74 | 29.54 | 83.28 | NOTE | |
r-devel-linux-x86_64-fedora-clang | 1.2.2 | 185.89 | NOTE | |||
r-devel-linux-x86_64-fedora-gcc | 1.2.2 | 197.25 | NOTE | |||
r-devel-windows-x86_64 | 1.2.2 | 59.00 | 72.00 | 131.00 | NOTE | |
r-patched-linux-x86_64 | 1.2.2 | 68.30 | 37.50 | 105.80 | NOTE | |
r-release-linux-x86_64 | 1.2.2 | 71.04 | 37.70 | 108.74 | NOTE | |
r-release-macos-arm64 | 1.2.2 | 45.00 | NOTE | |||
r-release-macos-x86_64 | 1.2.2 | 72.00 | NOTE | |||
r-release-windows-x86_64 | 1.2.2 | 64.00 | 74.00 | 138.00 | NOTE | |
r-oldrel-macos-arm64 | 1.2.2 | 55.00 | NOTE | |||
r-oldrel-macos-x86_64 | 1.2.2 | 69.00 | NOTE | |||
r-oldrel-windows-x86_64 | 1.2.2 | 63.00 | 81.00 | 144.00 | NOTE |
Version: 1.2.2
Check: C++ specification
Result: NOTE
Specified C++11: please drop specification unless essential
Flavors: r-devel-linux-x86_64-debian-clang, r-devel-linux-x86_64-debian-gcc, r-devel-linux-x86_64-fedora-clang, r-devel-linux-x86_64-fedora-gcc, r-devel-windows-x86_64, r-patched-linux-x86_64, r-release-linux-x86_64, r-release-macos-arm64, r-release-macos-x86_64, r-release-windows-x86_64, r-oldrel-macos-arm64, r-oldrel-macos-x86_64, r-oldrel-windows-x86_64
Version: 1.2.2
Check: compiled code
Result: NOTE
File ‘jsonify/libs/jsonify.so’:
Found non-API call to R: ‘SET_TYPEOF’
Compiled code should not call non-API entry points in R.
See ‘Writing portable packages’ in the ‘Writing R Extensions’ manual.
See section ‘Moving into C API compliance’ in the ‘Writing R
Extensions’ manual for issues with use of non-API entry points.
Flavors: r-devel-linux-x86_64-debian-clang, r-devel-linux-x86_64-debian-gcc, r-devel-linux-x86_64-fedora-clang, r-devel-linux-x86_64-fedora-gcc
Version: 1.2.2
Check: compiled code
Result: NOTE
File 'jsonify/libs/x64/jsonify.dll':
Found non-API call to R: 'SET_TYPEOF'
Compiled code should not call non-API entry points in R.
See 'Writing portable packages' in the 'Writing R Extensions' manual.
See section 'Moving into C API compliance' in the 'Writing R
Extensions' manual for issues with use of non-API entry points.
Flavor: r-devel-windows-x86_64
Version: 1.2.2
Check: installed package size
Result: NOTE
installed size is 5.3Mb
sub-directories of 1Mb or more:
doc 1.2Mb
libs 3.9Mb
Flavors: r-release-macos-arm64, r-release-macos-x86_64, r-oldrel-macos-arm64, r-oldrel-macos-x86_64