Last updated on 2024-08-16 06:50:03 CEST.
Flavor | Version | Tinstall | Tcheck | Ttotal | Status | Flags |
---|---|---|---|---|---|---|
r-devel-linux-x86_64-debian-clang | 0.0.10 | 2.37 | 55.83 | 58.20 | NOTE | |
r-devel-linux-x86_64-debian-gcc | 0.0.10 | 1.72 | 39.59 | 41.31 | NOTE | |
r-devel-linux-x86_64-fedora-clang | 0.0.10 | 93.56 | NOTE | |||
r-devel-linux-x86_64-fedora-gcc | 0.0.10 | 102.61 | NOTE | |||
r-devel-windows-x86_64 | 0.0.10 | 5.00 | 74.00 | 79.00 | NOTE | |
r-patched-linux-x86_64 | 0.0.10 | 2.70 | 52.67 | 55.37 | NOTE | |
r-release-linux-x86_64 | 0.0.10 | 2.24 | 54.68 | 56.92 | NOTE | |
r-release-macos-arm64 | 0.0.10 | 41.00 | NOTE | |||
r-release-macos-x86_64 | 0.0.10 | 59.00 | NOTE | |||
r-release-windows-x86_64 | 0.0.10 | 4.00 | 79.00 | 83.00 | NOTE | |
r-oldrel-macos-arm64 | 0.0.10 | 42.00 | NOTE | |||
r-oldrel-macos-x86_64 | 0.0.10 | 57.00 | NOTE | |||
r-oldrel-windows-x86_64 | 0.0.10 | 4.00 | 84.00 | 88.00 | NOTE |
Version: 0.0.10
Check: package dependencies
Result: NOTE
Package which this enhances but not available for checking: ‘remMap’
Flavors: r-devel-linux-x86_64-debian-clang, r-devel-linux-x86_64-debian-gcc, r-devel-linux-x86_64-fedora-clang, r-devel-linux-x86_64-fedora-gcc, r-devel-windows-x86_64, r-patched-linux-x86_64, r-release-linux-x86_64, r-release-macos-arm64, r-release-macos-x86_64, r-release-windows-x86_64, r-oldrel-macos-arm64, r-oldrel-windows-x86_64
Version: 0.0.10
Check: package dependencies
Result: NOTE
Packages which this enhances but not available for checking:
'remMap', 'mcen', 'RMTL'
Flavor: r-oldrel-macos-x86_64