CRAN Package Check Results for Package ivmte

Last updated on 2025-11-26 05:51:40 CET.

Flavor Version Tinstall Tcheck Ttotal Status Flags
r-devel-linux-x86_64-debian-clang 1.4.0 13.34 94.74 108.08 NOTE --no-vignettes
r-devel-linux-x86_64-debian-gcc 1.4.0 9.37 64.48 73.85 NOTE --no-vignettes
r-devel-linux-x86_64-fedora-clang 1.4.0 30.00 140.46 170.46 NOTE --no-vignettes
r-devel-linux-x86_64-fedora-gcc 1.4.0 33.00 122.62 155.62 NOTE --no-vignettes
r-devel-windows-x86_64 1.4.0 17.00 117.00 134.00 NOTE --no-vignettes
r-patched-linux-x86_64 1.4.0 16.24 85.87 102.11 NOTE --no-vignettes
r-release-linux-x86_64 1.4.0 14.79 84.67 99.46 NOTE --no-vignettes
r-release-macos-arm64 1.4.0 NOTE
r-release-macos-x86_64 1.4.0 12.00 1435.00 1447.00 NOTE
r-release-windows-x86_64 1.4.0 15.00 129.00 144.00 NOTE --no-vignettes
r-oldrel-macos-arm64 1.4.0 NOTE
r-oldrel-macos-x86_64 1.4.0 10.00 1126.00 1136.00 NOTE
r-oldrel-windows-x86_64 1.4.0 23.00 140.00 163.00 NOTE --no-vignettes

Check Details

Version: 1.4.0
Flags: --no-vignettes
Check: Rd files
Result: NOTE checkRd: (-1) sTsls.Rd:17: Lost braces; missing escapes or markup? 17 | \item{pi}{the matrix E[XZ']E[ZZ']^{-1}} | ^ checkRd: (-1) sTslsSplines.Rd:20: Lost braces; missing escapes or markup? 20 | \item{pi}{matrix, corresponds to E[XZ']E[ZZ']^{-1}, the first stage | ^ Flavors: r-devel-linux-x86_64-debian-clang, r-devel-linux-x86_64-debian-gcc, r-devel-linux-x86_64-fedora-clang, r-devel-linux-x86_64-fedora-gcc, r-devel-windows-x86_64, r-patched-linux-x86_64, r-release-linux-x86_64, r-release-windows-x86_64, r-oldrel-windows-x86_64

Version: 1.4.0
Check: Rd files
Result: NOTE checkRd: (-1) sTsls.Rd:17: Lost braces; missing escapes or markup? 17 | \item{pi}{the matrix E[XZ']E[ZZ']^{-1}} | ^ checkRd: (-1) sTslsSplines.Rd:20: Lost braces; missing escapes or markup? 20 | \item{pi}{matrix, corresponds to E[XZ']E[ZZ']^{-1}, the first stage | ^ Flavors: r-release-macos-arm64, r-release-macos-x86_64, r-oldrel-macos-arm64, r-oldrel-macos-x86_64

Version: 1.4.0
Check: package dependencies
Result: NOTE Packages suggested but not available for checking: 'gurobi', 'cplexAPI' Flavors: r-oldrel-macos-arm64, r-oldrel-macos-x86_64

Version: 1.4.0
Flags: --no-vignettes
Check: package dependencies
Result: NOTE Packages suggested but not available for checking: 'gurobi', 'cplexAPI' Flavor: r-oldrel-windows-x86_64