CRAN Package Check Results for Package itertools2

Last updated on 2025-05-15 18:50:50 CEST.

Flavor Version Tinstall Tcheck Ttotal Status Flags
r-devel-linux-x86_64-debian-clang 0.1.1 2.08 28.32 30.40 NOTE
r-devel-linux-x86_64-debian-gcc 0.1.1 1.78 21.29 23.07 NOTE
r-devel-linux-x86_64-fedora-clang 0.1.1 45.74 OK
r-devel-linux-x86_64-fedora-gcc 0.1.1 44.23 OK
r-devel-windows-x86_64 0.1.1 3.00 54.00 57.00 OK
r-patched-linux-x86_64 0.1.1 3.10 25.81 28.91 OK
r-release-linux-x86_64 0.1.1 2.29 26.01 28.30 OK
r-release-macos-arm64 0.1.1 16.00 OK
r-release-macos-x86_64 0.1.1 30.00 OK
r-release-windows-x86_64 0.1.1 4.00 55.00 59.00 OK
r-oldrel-macos-arm64 0.1.1 16.00 OK
r-oldrel-macos-x86_64 0.1.1 25.00 OK
r-oldrel-windows-x86_64 0.1.1 4.00 62.00 66.00 OK

Check Details

Version: 0.1.1
Check: CRAN incoming feasibility
Result: NOTE Maintainer: ‘John A. Ramey <johnramey@gmail.com>’ No Authors@R field in DESCRIPTION. Please add one, modifying Authors@R: c(person(given = c("John", "A."), family = "Ramey", role = c("aut", "cre"), email = "johnramey@gmail.com"), person(given = "Kayla", family = "Schaefer", role = "aut", email = "kschaefer.tx@gmail.com")) as necessary. Flavors: r-devel-linux-x86_64-debian-clang, r-devel-linux-x86_64-debian-gcc