Last updated on 2025-05-15 18:50:50 CEST.
Flavor | Version | Tinstall | Tcheck | Ttotal | Status | Flags |
---|---|---|---|---|---|---|
r-devel-linux-x86_64-debian-clang | 0.1-3 | 2.70 | 22.87 | 25.57 | NOTE | |
r-devel-linux-x86_64-debian-gcc | 0.1-3 | 2.01 | 17.89 | 19.90 | NOTE | |
r-devel-linux-x86_64-fedora-clang | 0.1-3 | 39.23 | OK | |||
r-devel-linux-x86_64-fedora-gcc | 0.1-3 | 37.67 | OK | |||
r-devel-windows-x86_64 | 0.1-3 | 4.00 | 48.00 | 52.00 | OK | |
r-patched-linux-x86_64 | 0.1-3 | 2.62 | 21.86 | 24.48 | OK | |
r-release-linux-x86_64 | 0.1-3 | 2.82 | 21.63 | 24.45 | OK | |
r-release-macos-arm64 | 0.1-3 | 19.00 | OK | |||
r-release-macos-x86_64 | 0.1-3 | 28.00 | OK | |||
r-release-windows-x86_64 | 0.1-3 | 4.00 | 48.00 | 52.00 | OK | |
r-oldrel-macos-arm64 | 0.1-3 | 22.00 | OK | |||
r-oldrel-macos-x86_64 | 0.1-3 | 24.00 | OK | |||
r-oldrel-windows-x86_64 | 0.1-3 | 5.00 | 53.00 | 58.00 | OK |
Version: 0.1-3
Check: CRAN incoming feasibility
Result: NOTE
Maintainer: ‘Steve Weston <stephen.b.weston@gmail.com>’
No Authors@R field in DESCRIPTION.
Please add one, modifying
Authors@R: c(person(given = "Steve",
family = "Weston",
role = c("aut", "cre"),
email = "stephen.b.weston@gmail.com"),
person(given = "Hadley",
family = "Wickham",
role = "aut"))
as necessary.
Flavors: r-devel-linux-x86_64-debian-clang, r-devel-linux-x86_64-debian-gcc