CRAN Package Check Results for Package isopleuros

Last updated on 2025-11-26 05:51:40 CET.

Flavor Version Tinstall Tcheck Ttotal Status Flags
r-devel-linux-x86_64-debian-clang 1.4.0 3.07 42.72 45.79 NOTE
r-devel-linux-x86_64-debian-gcc 1.4.0 2.43 32.30 34.73 NOTE
r-devel-linux-x86_64-fedora-clang 1.4.0 62.62 OK
r-devel-linux-x86_64-fedora-gcc 1.4.0 59.48 OK
r-devel-windows-x86_64 1.4.0 8.00 63.00 71.00 OK
r-patched-linux-x86_64 1.4.0 4.55 37.15 41.70 OK
r-release-linux-x86_64 1.4.0 3.27 37.22 40.49 OK
r-release-macos-arm64 1.4.0 OK
r-release-macos-x86_64 1.4.0 3.00 35.00 38.00 OK
r-release-windows-x86_64 1.4.0 8.00 65.00 73.00 OK
r-oldrel-macos-arm64 1.4.0 OK
r-oldrel-macos-x86_64 1.4.0 4.00 39.00 43.00 OK
r-oldrel-windows-x86_64 1.4.0 7.00 73.00 80.00 OK

Check Details

Version: 1.4.0
Check: DESCRIPTION meta-information
Result: NOTE Author field differs from that derived from Authors@R Author: ‘Nicolas Frerebeau [aut, cre] (<https://orcid.org/0000-0001-5759-4944>), Brice Lebrun [art] (<https://orcid.org/0000-0001-7503-8685>, Logo designer), Université Bordeaux Montaigne [fnd] (03pbgwk21), CNRS [fnd] (02feahw73)’ Authors@R: ‘Nicolas Frerebeau [aut, cre] (ORCID: <https://orcid.org/0000-0001-5759-4944>), Brice Lebrun [art] (ORCID: <https://orcid.org/0000-0001-7503-8685>, Logo designer), Université Bordeaux Montaigne [fnd] (ROR: <https://ror.org/03pbgwk21>), CNRS [fnd] (ROR: <https://ror.org/02feahw73>)’ Flavors: r-devel-linux-x86_64-debian-clang, r-devel-linux-x86_64-debian-gcc