Last updated on 2025-06-30 18:49:43 CEST.
Flavor | Version | Tinstall | Tcheck | Ttotal | Status | Flags |
---|---|---|---|---|---|---|
r-devel-linux-x86_64-debian-clang | 0.2.9 | 134.82 | 178.19 | 313.01 | OK | |
r-devel-linux-x86_64-debian-gcc | 0.2.9 | 103.78 | 117.36 | 221.14 | OK | |
r-devel-linux-x86_64-fedora-clang | 0.2.9 | 508.88 | OK | |||
r-devel-linux-x86_64-fedora-gcc | 0.2.9 | 541.04 | OK | |||
r-devel-windows-x86_64 | 0.2.9 | 137.00 | 211.00 | 348.00 | OK | |
r-patched-linux-x86_64 | OK | |||||
r-release-linux-x86_64 | 0.2.9 | 147.10 | 170.82 | 317.92 | OK | |
r-release-macos-arm64 | 0.2.9 | 115.00 | OK | |||
r-release-macos-x86_64 | 0.2.9 | 202.00 | OK | |||
r-release-windows-x86_64 | 0.2.9 | 148.00 | 208.00 | 356.00 | OK | |
r-oldrel-macos-arm64 | 0.2.9 | 117.00 | NOTE | |||
r-oldrel-macos-x86_64 | 0.2.9 | 160.00 | NOTE | |||
r-oldrel-windows-x86_64 | 0.2.9 | 139.00 | 264.00 | 403.00 | OK |
Version: 0.2.9
Check: installed package size
Result: NOTE
installed size is 9.8Mb
sub-directories of 1Mb or more:
libs 8.1Mb
Flavors: r-oldrel-macos-arm64, r-oldrel-macos-x86_64