CRAN Package Check Results for Package ipfr

Last updated on 2025-06-30 18:49:43 CEST.

Flavor Version Tinstall Tcheck Ttotal Status Flags
r-devel-linux-x86_64-debian-clang 1.0.2 5.43 136.99 142.42 OK
r-devel-linux-x86_64-debian-gcc 1.0.2 3.26 94.29 97.55 OK
r-devel-linux-x86_64-fedora-clang 1.0.2 212.43 OK
r-devel-linux-x86_64-fedora-gcc 1.0.2 202.48 OK
r-devel-windows-x86_64 1.0.2 7.00 132.00 139.00 OK
r-patched-linux-x86_64 OK
r-release-linux-x86_64 1.0.2 3.87 128.18 132.05 OK
r-release-macos-arm64 1.0.2 64.00 OK
r-release-macos-x86_64 1.0.2 136.00 OK
r-release-windows-x86_64 1.0.2 8.00 128.00 136.00 OK
r-oldrel-macos-arm64 1.0.2 65.00 NOTE
r-oldrel-macos-x86_64 1.0.2 102.00 NOTE
r-oldrel-windows-x86_64 1.0.2 10.00 173.00 183.00 NOTE

Check Details

Version: 1.0.2
Check: LazyData
Result: NOTE 'LazyData' is specified without a 'data' directory Flavors: r-oldrel-macos-arm64, r-oldrel-macos-x86_64, r-oldrel-windows-x86_64