CRAN Package Check Results for Package interimApp

Last updated on 2025-02-05 17:49:58 CET.

Flavor Version Tinstall Tcheck Ttotal Status Flags
r-devel-linux-x86_64-debian-clang 0.0.1 3.73 33.38 37.11 OK
r-devel-linux-x86_64-debian-gcc 0.0.1 2.22 25.86 28.08 OK
r-devel-linux-x86_64-fedora-clang 0.0.1 60.64 OK
r-devel-linux-x86_64-fedora-gcc 0.0.1 55.99 OK
r-devel-windows-x86_64 0.0.1 6.00 60.00 66.00 OK
r-patched-linux-x86_64 0.0.1 3.39 31.89 35.28 NOTE
r-release-linux-x86_64 0.0.1 3.21 32.59 35.80 NOTE
r-release-macos-arm64 0.0.1 21.00 NOTE
r-release-macos-x86_64 0.0.1 32.00 NOTE
r-release-windows-x86_64 0.0.1 6.00 58.00 64.00 NOTE
r-oldrel-macos-arm64 0.0.1 22.00 NOTE
r-oldrel-macos-x86_64 0.0.1 32.00 NOTE
r-oldrel-windows-x86_64 0.0.1 6.00 62.00 68.00 NOTE

Check Details

Version: 0.0.1
Check: LazyData
Result: NOTE 'LazyData' is specified without a 'data' directory Flavors: r-patched-linux-x86_64, r-release-linux-x86_64, r-release-macos-arm64, r-release-macos-x86_64, r-release-windows-x86_64, r-oldrel-macos-arm64, r-oldrel-macos-x86_64, r-oldrel-windows-x86_64