Last updated on 2025-11-04 06:49:41 CET.
| Flavor | Version | Tinstall | Tcheck | Ttotal | Status | Flags | 
|---|---|---|---|---|---|---|
| r-devel-linux-x86_64-debian-clang | 0.7.5 | 19.49 | 160.89 | 180.38 | NOTE | |
| r-devel-linux-x86_64-debian-gcc | 0.7.5 | 12.80 | 115.64 | 128.44 | NOTE | |
| r-devel-linux-x86_64-fedora-clang | 0.7.5 | 97.00 | 194.82 | 291.82 | NOTE | |
| r-devel-linux-x86_64-fedora-gcc | 0.7.5 | 38.00 | 216.70 | 254.70 | NOTE | |
| r-devel-windows-x86_64 | 0.7.5 | 19.00 | 154.00 | 173.00 | NOTE | |
| r-patched-linux-x86_64 | 0.7.5 | 18.23 | 151.89 | 170.12 | NOTE | |
| r-release-linux-x86_64 | 0.7.5 | 17.30 | 148.87 | 166.17 | NOTE | |
| r-release-macos-arm64 | 0.7.5 | 8.00 | 62.00 | 70.00 | NOTE | |
| r-release-macos-x86_64 | 0.7.5 | 16.00 | 133.00 | 149.00 | OK | |
| r-release-windows-x86_64 | 0.7.5 | 20.00 | 153.00 | 173.00 | NOTE | |
| r-oldrel-macos-arm64 | 0.7.5 | 7.00 | 57.00 | 64.00 | OK | |
| r-oldrel-macos-x86_64 | 0.7.5 | 13.00 | 111.00 | 124.00 | OK | |
| r-oldrel-windows-x86_64 | 0.7.5 | 26.00 | 198.00 | 224.00 | OK | 
Version: 0.7.5
Check: DESCRIPTION meta-information
Result: NOTE
    Missing dependency on R >= 4.1.0 because package code uses the pipe
    |> or function shorthand \(...) syntax added in R 4.1.0.
    File(s) using such syntax:
      ‘autoplot.restricted.Rd’ ‘autoplot.riskfactor.Rd’ ‘rating_factors.Rd’
Flavors: r-devel-linux-x86_64-debian-clang, r-devel-linux-x86_64-debian-gcc, r-devel-linux-x86_64-fedora-clang, r-devel-linux-x86_64-fedora-gcc, r-devel-windows-x86_64, r-patched-linux-x86_64, r-release-linux-x86_64, r-release-macos-arm64, r-release-windows-x86_64