Last updated on 2024-06-15 17:57:35 CEST.
Flavor | Version | Tinstall | Tcheck | Ttotal | Status | Flags |
---|---|---|---|---|---|---|
r-devel-linux-x86_64-debian-clang | 0.9-9 | 10.38 | 82.31 | 92.69 | NOTE | |
r-devel-linux-x86_64-debian-gcc | 0.9-9 | 7.98 | 60.27 | 68.25 | NOTE | |
r-devel-linux-x86_64-fedora-clang | 0.9-9 | 111.63 | NOTE | |||
r-devel-linux-x86_64-fedora-gcc | 0.9-9 | 107.96 | NOTE | |||
r-devel-windows-x86_64 | 0.9-9 | 9.00 | 75.00 | 84.00 | NOTE | |
r-patched-linux-x86_64 | 0.9-9 | 6.16 | 77.68 | 83.84 | NOTE | |
r-release-linux-x86_64 | 0.9-9 | 6.39 | 77.49 | 83.88 | NOTE | |
r-release-macos-arm64 | 0.9-9 | 37.00 | NOTE | |||
r-release-macos-x86_64 | 0.9-9 | 49.00 | NOTE | |||
r-release-windows-x86_64 | 0.9-9 | 9.00 | 75.00 | 84.00 | NOTE | |
r-oldrel-macos-arm64 | 0.9-9 | 37.00 | NOTE | |||
r-oldrel-macos-x86_64 | 0.9-9 | 59.00 | NOTE | |||
r-oldrel-windows-x86_64 | 0.9-9 | 11.00 | 92.00 | 103.00 | NOTE |
Version: 0.9-9
Check: Rd files
Result: NOTE
checkRd: (-1) school23.Rd:30: Escaped LaTeX specials: \&
checkRd: (-1) school23.Rd:35: Escaped LaTeX specials: \&
Flavors: r-devel-linux-x86_64-debian-clang, r-devel-linux-x86_64-debian-gcc, r-devel-linux-x86_64-fedora-clang, r-devel-linux-x86_64-fedora-gcc, r-devel-windows-x86_64, r-patched-linux-x86_64, r-release-linux-x86_64, r-release-macos-arm64, r-release-macos-x86_64, r-release-windows-x86_64, r-oldrel-macos-arm64, r-oldrel-macos-x86_64, r-oldrel-windows-x86_64