Last updated on 2025-11-26 05:51:39 CET.
| Flavor | Version | Tinstall | Tcheck | Ttotal | Status | Flags |
|---|---|---|---|---|---|---|
| r-devel-linux-x86_64-debian-clang | 0.1.4 | 6.42 | 65.73 | 72.15 | ERROR | |
| r-devel-linux-x86_64-debian-gcc | 0.1.4 | 5.20 | 64.52 | 69.72 | ERROR | |
| r-devel-linux-x86_64-fedora-clang | 0.1.4 | 39.00 | 97.33 | 136.33 | ERROR | |
| r-devel-linux-x86_64-fedora-gcc | 0.1.4 | 20.00 | 129.40 | 149.40 | ERROR | |
| r-devel-windows-x86_64 | 0.1.4 | 9.00 | 97.00 | 106.00 | OK | |
| r-patched-linux-x86_64 | 0.1.4 | 5.29 | 87.66 | 92.95 | OK | |
| r-release-linux-x86_64 | 0.1.4 | 6.31 | 88.07 | 94.38 | OK | |
| r-release-macos-arm64 | 0.1.4 | OK | ||||
| r-release-macos-x86_64 | 0.1.4 | 7.00 | 109.00 | 116.00 | OK | |
| r-release-windows-x86_64 | 0.1.4 | 8.00 | 96.00 | 104.00 | OK | |
| r-oldrel-macos-arm64 | 0.1.4 | OK | ||||
| r-oldrel-macos-x86_64 | 0.1.4 | 5.00 | 109.00 | 114.00 | OK | |
| r-oldrel-windows-x86_64 | 0.1.4 | 11.00 | 114.00 | 125.00 | OK |
Version: 0.1.4
Check: re-building of vignette outputs
Result: ERROR
Error(s) in re-building vignettes:
...
--- re-building ‘ineAtlas-income-voting.Rmd’ using rmarkdown
Quitting from ineAtlas-income-voting.Rmd:49-56 [elections-data]
~~~~~~~~~~~~~~~~~~~~~~~~~~~~~~~~~~~~~~~~~~~~~~~~~~~~~~~~~~~~~~~~~~~~~~~~~~~~~~~~
<error/rlang_error>
Error in `download.file()`:
! cannot open URL 'https://datos.comunidad.madrid/catalogo/dataset/08aac4de-ca28-4f9c-b45d-ef8457c4b5d2/resource/5e8cf4ad-b9f4-4ffd-a026-c27433e7815f/download/datos_electorales_elecciones_autonomicas_comunidad_de_madrid_2021.csv'
---
Backtrace:
▆
1. ├─... %>% as_tibble()
2. ├─tibble::as_tibble(.)
3. └─data.table::fread(...)
4. └─utils::download.file(...)
~~~~~~~~~~~~~~~~~~~~~~~~~~~~~~~~~~~~~~~~~~~~~~~~~~~~~~~~~~~~~~~~~~~~~~~~~~~~~~~~
Error: processing vignette 'ineAtlas-income-voting.Rmd' failed with diagnostics:
cannot open URL 'https://datos.comunidad.madrid/catalogo/dataset/08aac4de-ca28-4f9c-b45d-ef8457c4b5d2/resource/5e8cf4ad-b9f4-4ffd-a026-c27433e7815f/download/datos_electorales_elecciones_autonomicas_comunidad_de_madrid_2021.csv'
--- failed re-building ‘ineAtlas-income-voting.Rmd’
--- re-building ‘mapping-with-ineatlas.Rmd’ using rmarkdown
Quitting from mapping-with-ineatlas.Rmd:29-35 [packages]
~~~~~~~~~~~~~~~~~~~~~~~~~~~~~~~~~~~~~~~~~~~~~~~~~~~~~~~~~~~~~~~~~~~~~~~~~~~~~~~~
<error/rlang_error>
Error in `library()`:
! there is no package called 'mapSpain'
---
Backtrace:
▆
1. └─base::library(mapSpain)
~~~~~~~~~~~~~~~~~~~~~~~~~~~~~~~~~~~~~~~~~~~~~~~~~~~~~~~~~~~~~~~~~~~~~~~~~~~~~~~~
Error: processing vignette 'mapping-with-ineatlas.Rmd' failed with diagnostics:
there is no package called 'mapSpain'
--- failed re-building ‘mapping-with-ineatlas.Rmd’
SUMMARY: processing the following files failed:
‘ineAtlas-income-voting.Rmd’ ‘mapping-with-ineatlas.Rmd’
Error: Vignette re-building failed.
Execution halted
Flavor: r-devel-linux-x86_64-debian-clang
Version: 0.1.4
Check: re-building of vignette outputs
Result: ERROR
Error(s) in re-building vignettes:
...
--- re-building ‘ineAtlas-income-voting.Rmd’ using rmarkdown
[WARNING] Deprecated: --highlight-style. Use --syntax-highlighting instead.
--- finished re-building ‘ineAtlas-income-voting.Rmd’
--- re-building ‘mapping-with-ineatlas.Rmd’ using rmarkdown
Quitting from mapping-with-ineatlas.Rmd:29-35 [packages]
~~~~~~~~~~~~~~~~~~~~~~~~~~~~~~~~~~~~~~~~~~~~~~~~~~~~~~~~~~~~~~~~~~~~~~~~~~~~~~~~
<error/rlang_error>
Error in `library()`:
! there is no package called 'mapSpain'
---
Backtrace:
▆
1. └─base::library(mapSpain)
~~~~~~~~~~~~~~~~~~~~~~~~~~~~~~~~~~~~~~~~~~~~~~~~~~~~~~~~~~~~~~~~~~~~~~~~~~~~~~~~
Error: processing vignette 'mapping-with-ineatlas.Rmd' failed with diagnostics:
there is no package called 'mapSpain'
--- failed re-building ‘mapping-with-ineatlas.Rmd’
SUMMARY: processing the following file failed:
‘mapping-with-ineatlas.Rmd’
Error: Vignette re-building failed.
Execution halted
Flavor: r-devel-linux-x86_64-debian-gcc
Version: 0.1.4
Check: re-building of vignette outputs
Result: ERROR
Error(s) in re-building vignettes:
--- re-building ‘ineAtlas-income-voting.Rmd’ using rmarkdown
[WARNING] Deprecated: --highlight-style. Use --syntax-highlighting instead.
--- finished re-building ‘ineAtlas-income-voting.Rmd’
--- re-building ‘mapping-with-ineatlas.Rmd’ using rmarkdown
Quitting from mapping-with-ineatlas.Rmd:29-35 [packages]
~~~~~~~~~~~~~~~~~~~~~~~~~~~~~~~~~~~~~~~~~~~~~~~~~~~~~~~~~~~~~~~~~~~~~~~~~~~~~~~~
<error/rlang_error>
Error in `library()`:
! there is no package called 'mapSpain'
---
Backtrace:
▆
1. └─base::library(mapSpain)
~~~~~~~~~~~~~~~~~~~~~~~~~~~~~~~~~~~~~~~~~~~~~~~~~~~~~~~~~~~~~~~~~~~~~~~~~~~~~~~~
Error: processing vignette 'mapping-with-ineatlas.Rmd' failed with diagnostics:
there is no package called 'mapSpain'
--- failed re-building ‘mapping-with-ineatlas.Rmd’
SUMMARY: processing the following file failed:
‘mapping-with-ineatlas.Rmd’
Error: Vignette re-building failed.
Execution halted
Flavors: r-devel-linux-x86_64-fedora-clang, r-devel-linux-x86_64-fedora-gcc