Last updated on 2025-02-10 17:49:13 CET.
Flavor | Version | Tinstall | Tcheck | Ttotal | Status | Flags |
---|---|---|---|---|---|---|
r-devel-linux-x86_64-debian-clang | 1.2.1 | 3.05 | 26.51 | 29.56 | OK | |
r-devel-linux-x86_64-debian-gcc | 1.2.1 | 2.16 | 20.63 | 22.79 | OK | |
r-devel-linux-x86_64-fedora-clang | 1.2.1 | 49.72 | NOTE | |||
r-devel-linux-x86_64-fedora-gcc | 1.2.1 | 59.64 | NOTE | |||
r-devel-windows-x86_64 | 1.2.1 | 3.00 | 47.00 | 50.00 | OK | |
r-patched-linux-x86_64 | 1.2.1 | 3.28 | 25.81 | 29.09 | OK | |
r-release-linux-x86_64 | 1.2.1 | 2.74 | 25.60 | 28.34 | OK | |
r-release-macos-arm64 | 1.2.1 | 24.00 | OK | |||
r-release-macos-x86_64 | 1.2.1 | 36.00 | OK | |||
r-release-windows-x86_64 | 1.2.1 | 4.00 | 48.00 | 52.00 | OK | |
r-oldrel-macos-arm64 | 1.2.1 | 25.00 | OK | |||
r-oldrel-macos-x86_64 | 1.2.1 | 44.00 | OK | |||
r-oldrel-windows-x86_64 | 1.2.1 | 5.00 | 52.00 | 57.00 | OK |
Version: 1.2.1
Check: dependencies in R code
Result: NOTE
Namespaces in Imports field not imported from:
‘data.table’ ‘dplyr’ ‘haven’
All declared Imports should be used.
Flavors: r-devel-linux-x86_64-fedora-clang, r-devel-linux-x86_64-fedora-gcc