Last updated on 2025-11-26 05:51:39 CET.
| Flavor | Version | Tinstall | Tcheck | Ttotal | Status | Flags |
|---|---|---|---|---|---|---|
| r-devel-linux-x86_64-debian-clang | 1.0.1 | 1.69 | 95.43 | 97.12 | NOTE | |
| r-devel-linux-x86_64-debian-gcc | 1.0.1 | 1.45 | 71.93 | 73.38 | NOTE | |
| r-devel-linux-x86_64-fedora-clang | 1.0.1 | 146.23 | OK | |||
| r-devel-linux-x86_64-fedora-gcc | 1.0.1 | 150.97 | OK | |||
| r-devel-windows-x86_64 | 1.0.1 | 8.00 | 160.00 | 168.00 | OK | |
| r-patched-linux-x86_64 | 1.0.1 | 1.73 | 91.27 | 93.00 | OK | |
| r-release-linux-x86_64 | 1.0.1 | 1.49 | 91.81 | 93.30 | OK | |
| r-release-macos-arm64 | 1.0.1 | OK | ||||
| r-release-macos-x86_64 | 1.0.1 | 2.00 | 100.00 | 102.00 | OK | |
| r-release-windows-x86_64 | 1.0.1 | 5.00 | 158.00 | 163.00 | OK | |
| r-oldrel-macos-arm64 | 1.0.1 | OK | ||||
| r-oldrel-macos-x86_64 | 1.0.1 | 2.00 | 114.00 | 116.00 | OK | |
| r-oldrel-windows-x86_64 | 1.0.1 | 4.00 | 169.00 | 173.00 | OK |
Version: 1.0.1
Check: CRAN incoming feasibility
Result: NOTE
Maintainer: ‘Irucka Embry <iembry@ecoccs.com>’
No Authors@R field in DESCRIPTION.
Please add one, modifying
Authors@R: person(given = "Irucka",
family = "Embry",
role = c("aut", "cre"),
email = "iembry@ecoccs.com")
as necessary.
Flavors: r-devel-linux-x86_64-debian-clang, r-devel-linux-x86_64-debian-gcc