Last updated on 2025-11-04 06:49:40 CET.
| Flavor | Version | Tinstall | Tcheck | Ttotal | Status | Flags | 
|---|---|---|---|---|---|---|
| r-devel-linux-x86_64-debian-clang | 1.1.2 | 14.34 | 553.89 | 568.23 | NOTE | |
| r-devel-linux-x86_64-debian-gcc | 1.1.2 | 10.39 | 321.70 | 332.09 | NOTE | |
| r-devel-linux-x86_64-fedora-clang | 1.1.2 | 66.00 | 920.24 | 986.24 | OK | |
| r-devel-linux-x86_64-fedora-gcc | 1.1.2 | 36.00 | 841.31 | 877.31 | OK | |
| r-devel-windows-x86_64 | 1.1.2 | 19.00 | 476.00 | 495.00 | OK | |
| r-patched-linux-x86_64 | 1.1.2 | 14.22 | 514.00 | 528.22 | OK | |
| r-release-linux-x86_64 | 1.1.2 | 14.45 | 516.97 | 531.42 | OK | |
| r-release-macos-arm64 | 1.1.2 | 7.00 | 343.00 | 350.00 | OK | |
| r-release-macos-x86_64 | 1.1.2 | 19.00 | 556.00 | 575.00 | OK | |
| r-release-windows-x86_64 | 1.1.2 | 19.00 | 461.00 | 480.00 | OK | |
| r-oldrel-macos-arm64 | 1.1.2 | 6.00 | 286.00 | 292.00 | OK | |
| r-oldrel-macos-x86_64 | 1.1.2 | 9.00 | 429.00 | 438.00 | OK | |
| r-oldrel-windows-x86_64 | 1.1.2 | 23.00 | 661.00 | 684.00 | OK | 
Version: 1.1.2
Check: CRAN incoming feasibility
Result: NOTE
  Maintainer: ‘Josep L. Carrasco <jlcarrasco@ub.edu>’
  
  No Authors@R field in DESCRIPTION.
  Please add one, modifying
    Authors@R: person(given = c("Josep", "L."),
                      family = "Carrasco",
                      role = c("aut", "cre"),
                      email = "jlcarrasco@ub.edu")
  as necessary.
Flavors: r-devel-linux-x86_64-debian-clang, r-devel-linux-x86_64-debian-gcc