Last updated on 2025-11-04 13:50:17 CET.
| Flavor | Version | Tinstall | Tcheck | Ttotal | Status | Flags |
|---|---|---|---|---|---|---|
| r-devel-linux-x86_64-debian-clang | 1.51.0 | 19.52 | 105.77 | 125.29 | OK | |
| r-devel-linux-x86_64-debian-gcc | 1.51.0 | 13.68 | 76.51 | 90.19 | OK | |
| r-devel-linux-x86_64-fedora-clang | 1.51.0 | 83.00 | 126.90 | 209.90 | OK | |
| r-devel-linux-x86_64-fedora-gcc | 1.51.0 | 44.00 | 145.75 | 189.75 | OK | |
| r-devel-windows-x86_64 | 1.51.0 | 19.00 | 116.00 | 135.00 | OK | |
| r-patched-linux-x86_64 | 1.51.0 | 19.36 | 101.41 | 120.77 | OK | |
| r-release-linux-x86_64 | 1.51.0 | 17.64 | 102.37 | 120.01 | OK | |
| r-release-macos-arm64 | 1.51.0 | 9.00 | 59.00 | 68.00 | OK | |
| r-release-macos-x86_64 | 1.51.0 | 22.00 | 102.00 | 124.00 | OK | |
| r-release-windows-x86_64 | 1.51.0 | 20.00 | 116.00 | 136.00 | OK | |
| r-oldrel-macos-arm64 | 1.51.0 | 11.00 | 53.00 | 64.00 | NOTE | |
| r-oldrel-macos-x86_64 | 1.51.0 | 15.00 | 75.00 | 90.00 | NOTE | |
| r-oldrel-windows-x86_64 | 1.51.0 | 25.00 | 147.00 | 172.00 | NOTE |
Version: 1.51.0
Check: package dependencies
Result: NOTE
Package suggested but not available for checking: ‘SparkR’
Flavors: r-oldrel-macos-arm64, r-oldrel-macos-x86_64, r-oldrel-windows-x86_64