Last updated on 2025-02-05 17:49:58 CET.
Flavor | Version | Tinstall | Tcheck | Ttotal | Status | Flags |
---|---|---|---|---|---|---|
r-devel-linux-x86_64-debian-clang | 1.7 | 7.28 | 51.96 | 59.24 | OK | |
r-devel-linux-x86_64-debian-gcc | 1.7 | 4.52 | 37.02 | 41.54 | OK | |
r-devel-linux-x86_64-fedora-clang | 1.7 | 92.62 | NOTE | |||
r-devel-linux-x86_64-fedora-gcc | 1.7 | 86.09 | NOTE | |||
r-devel-windows-x86_64 | 1.7 | 9.00 | 66.00 | 75.00 | OK | |
r-patched-linux-x86_64 | 1.7 | 6.52 | 47.35 | 53.87 | OK | |
r-release-linux-x86_64 | 1.7 | 6.02 | 48.13 | 54.15 | OK | |
r-release-macos-arm64 | 1.7 | 31.00 | OK | |||
r-release-macos-x86_64 | 1.7 | 44.00 | OK | |||
r-release-windows-x86_64 | 1.7 | 9.00 | 65.00 | 74.00 | OK | |
r-oldrel-macos-arm64 | 1.7 | 37.00 | OK | |||
r-oldrel-macos-x86_64 | 1.7 | 72.00 | OK | |||
r-oldrel-windows-x86_64 | 1.7 | 11.00 | 77.00 | 88.00 | OK |
Version: 1.7
Check: dependencies in R code
Result: NOTE
Namespace in Imports field not imported from: ‘readr’
All declared Imports should be used.
Flavors: r-devel-linux-x86_64-fedora-clang, r-devel-linux-x86_64-fedora-gcc