Last updated on 2024-06-15 17:57:35 CEST.
Flavor | Version | Tinstall | Tcheck | Ttotal | Status | Flags |
---|---|---|---|---|---|---|
r-devel-linux-x86_64-debian-clang | 0.8.2 | 599.28 | 189.78 | 789.06 | OK | |
r-devel-linux-x86_64-debian-gcc | 0.8.2 | 530.23 | 179.84 | 710.07 | OK | |
r-devel-linux-x86_64-fedora-clang | 0.8.2 | 952.33 | NOTE | |||
r-devel-linux-x86_64-fedora-gcc | 0.8.2 | 1342.12 | NOTE | |||
r-devel-windows-x86_64 | 0.8.2 | 436.00 | 241.00 | 677.00 | OK | |
r-patched-linux-x86_64 | 0.8.2 | 449.90 | 210.22 | 660.12 | OK | |
r-release-linux-x86_64 | 0.8.2 | 467.31 | 216.97 | 684.28 | OK | |
r-release-macos-arm64 | 0.8.2 | 227.00 | NOTE | |||
r-release-macos-x86_64 | 0.8.2 | 227.00 | NOTE | |||
r-release-windows-x86_64 | 0.8.2 | 441.00 | 246.00 | 687.00 | OK | |
r-oldrel-macos-arm64 | 0.8.2 | 212.00 | NOTE | |||
r-oldrel-macos-x86_64 | 0.8.2 | 263.00 | NOTE | |||
r-oldrel-windows-x86_64 | 0.8.2 | 587.00 | 308.00 | 895.00 | OK |
Version: 0.8.2
Check: installed package size
Result: NOTE
installed size is 5.3Mb
sub-directories of 1Mb or more:
libs 4.7Mb
Flavors: r-devel-linux-x86_64-fedora-clang, r-release-macos-arm64, r-release-macos-x86_64, r-oldrel-macos-arm64, r-oldrel-macos-x86_64
Version: 0.8.2
Check: for GNU extensions in Makefiles
Result: NOTE
GNU make is a SystemRequirements.
Flavors: r-devel-linux-x86_64-fedora-clang, r-devel-linux-x86_64-fedora-gcc, r-release-macos-arm64, r-release-macos-x86_64, r-oldrel-macos-arm64, r-oldrel-macos-x86_64