Last updated on 2025-11-26 05:51:39 CET.
| Flavor | Version | Tinstall | Tcheck | Ttotal | Status | Flags |
|---|---|---|---|---|---|---|
| r-devel-linux-x86_64-debian-clang | 0.1.1 | 3.07 | 24.27 | 27.34 | NOTE | |
| r-devel-linux-x86_64-debian-gcc | 0.1.1 | 2.32 | 19.63 | 21.95 | NOTE | |
| r-devel-linux-x86_64-fedora-clang | 0.1.1 | 10.00 | 30.99 | 40.99 | OK | |
| r-devel-linux-x86_64-fedora-gcc | 0.1.1 | 38.48 | OK | |||
| r-devel-windows-x86_64 | 0.1.1 | 6.00 | 40.00 | 46.00 | OK | |
| r-patched-linux-x86_64 | 0.1.1 | 3.16 | 23.36 | 26.52 | OK | |
| r-release-linux-x86_64 | 0.1.1 | 3.11 | 23.05 | 26.16 | OK | |
| r-release-macos-arm64 | 0.1.1 | OK | ||||
| r-release-macos-x86_64 | 0.1.1 | 2.00 | 24.00 | 26.00 | OK | |
| r-release-windows-x86_64 | 0.1.1 | 6.00 | 43.00 | 49.00 | OK | |
| r-oldrel-macos-arm64 | 0.1.1 | OK | ||||
| r-oldrel-macos-x86_64 | 0.1.1 | 5.00 | 26.00 | 31.00 | OK | |
| r-oldrel-windows-x86_64 | 0.1.1 | 4.00 | 47.00 | 51.00 | OK |
Version: 0.1.1
Check: CRAN incoming feasibility
Result: NOTE
Maintainer: ‘Giacomo Ceoldo <giacomo.ceoldo@usi.ch>’
The Description field contains
<arXiv:2304.09809>.
Please refer to arXiv e-prints via their arXiv DOI <doi:10.48550/arXiv.YYMM.NNNNN>.
Flavors: r-devel-linux-x86_64-debian-clang, r-devel-linux-x86_64-debian-gcc