Last updated on 2025-06-30 18:49:43 CEST.
Flavor | Version | Tinstall | Tcheck | Ttotal | Status | Flags |
---|---|---|---|---|---|---|
r-devel-linux-x86_64-debian-clang | 0.1.2 | 27.88 | 226.43 | 254.31 | OK | |
r-devel-linux-x86_64-debian-gcc | 0.1.2 | 18.56 | 156.94 | 175.50 | OK | |
r-devel-linux-x86_64-fedora-clang | 0.1.2 | 392.57 | OK | |||
r-devel-linux-x86_64-fedora-gcc | 0.1.2 | 368.21 | OK | |||
r-devel-windows-x86_64 | 0.1.2 | 29.00 | 188.00 | 217.00 | OK | |
r-patched-linux-x86_64 | OK | |||||
r-release-linux-x86_64 | 0.1.2 | 27.82 | 213.61 | 241.43 | OK | |
r-release-macos-arm64 | 0.1.2 | 100.00 | OK | |||
r-release-macos-x86_64 | 0.1.2 | 186.00 | OK | |||
r-release-windows-x86_64 | 0.1.2 | 28.00 | 186.00 | 214.00 | OK | |
r-oldrel-macos-arm64 | 0.1.2 | 93.00 | NOTE | |||
r-oldrel-macos-x86_64 | 0.1.2 | 183.00 | NOTE | |||
r-oldrel-windows-x86_64 | 0.1.2 | 38.00 | 248.00 | 286.00 | NOTE |
Version: 0.1.2
Check: package dependencies
Result: NOTE
Package suggested but not available for checking: ‘microViz’
Flavors: r-oldrel-macos-arm64, r-oldrel-macos-x86_64, r-oldrel-windows-x86_64