CRAN Package Check Results for Package hmsidwR

Last updated on 2025-11-26 05:51:39 CET.

Flavor Version Tinstall Tcheck Ttotal Status Flags
r-devel-linux-x86_64-debian-clang 1.1.2 9.60 86.29 95.89 NOTE
r-devel-linux-x86_64-debian-gcc 1.1.2 6.52 63.94 70.46 NOTE
r-devel-linux-x86_64-fedora-clang 1.1.2 20.00 130.79 150.79 NOTE
r-devel-linux-x86_64-fedora-gcc 1.1.2 22.00 125.98 147.98 NOTE
r-devel-windows-x86_64 1.1.2 15.00 92.00 107.00 NOTE
r-patched-linux-x86_64 1.1.2 8.78 81.92 90.70 NOTE
r-release-linux-x86_64 1.1.2 9.22 81.52 90.74 NOTE
r-release-macos-arm64 1.1.2 NOTE
r-release-macos-x86_64 1.1.2 8.00 81.00 89.00 NOTE
r-release-windows-x86_64 1.1.2 12.00 93.00 105.00 NOTE
r-oldrel-macos-arm64 1.1.2 NOTE
r-oldrel-macos-x86_64 1.1.2 6.00 238.00 244.00 NOTE
r-oldrel-windows-x86_64 1.1.2 17.00 118.00 135.00 NOTE

Check Details

Version: 1.1.2
Check: DESCRIPTION meta-information
Result: NOTE Missing dependency on R >= 4.1.0 because package code uses the pipe |> or function shorthand \(...) syntax added in R 4.1.0. File(s) using such syntax: ‘theme_hmsid.Rd’ Flavors: r-devel-linux-x86_64-debian-clang, r-devel-linux-x86_64-debian-gcc, r-devel-linux-x86_64-fedora-clang, r-devel-linux-x86_64-fedora-gcc, r-devel-windows-x86_64, r-patched-linux-x86_64, r-release-linux-x86_64, r-release-macos-arm64, r-release-macos-x86_64, r-release-windows-x86_64

Version: 1.1.2
Check: installed package size
Result: NOTE installed size is 6.2Mb sub-directories of 1Mb or more: data 2.0Mb doc 4.0Mb Flavors: r-oldrel-macos-arm64, r-oldrel-macos-x86_64, r-oldrel-windows-x86_64