Last updated on 2025-02-05 17:49:58 CET.
Flavor | Version | Tinstall | Tcheck | Ttotal | Status | Flags |
---|---|---|---|---|---|---|
r-devel-linux-x86_64-debian-clang | 3.0-9 | 8.70 | 48.40 | 57.10 | NOTE | |
r-devel-linux-x86_64-debian-gcc | 3.0-9 | 6.47 | 33.93 | 40.40 | NOTE | |
r-devel-linux-x86_64-fedora-clang | 3.0-9 | 99.55 | NOTE | |||
r-devel-linux-x86_64-fedora-gcc | 3.0-9 | 91.79 | NOTE | |||
r-devel-windows-x86_64 | 3.0-9 | 13.00 | 80.00 | 93.00 | NOTE | |
r-patched-linux-x86_64 | 3.0-9 | 9.80 | 47.88 | 57.68 | NOTE | |
r-release-linux-x86_64 | 3.0-9 | 7.76 | 48.93 | 56.69 | NOTE | |
r-release-macos-arm64 | 3.0-9 | 26.00 | NOTE | |||
r-release-macos-x86_64 | 3.0-9 | 48.00 | NOTE | |||
r-release-windows-x86_64 | 3.0-9 | 13.00 | 78.00 | 91.00 | NOTE | |
r-oldrel-macos-arm64 | 3.0-9 | 31.00 | OK | |||
r-oldrel-macos-x86_64 | 3.0-9 | 50.00 | OK | |||
r-oldrel-windows-x86_64 | 3.0-9 | 14.00 | 87.00 | 101.00 | OK |
Version: 3.0-9
Check: Rd files
Result: NOTE
checkRd: (-1) nafracCalc.Rd:45: Lost braces
45 | as if code{y} were not of class \code{"multipleHmmDataSets"}.
| ^
Flavors: r-devel-linux-x86_64-debian-clang, r-devel-linux-x86_64-debian-gcc, r-devel-linux-x86_64-fedora-clang, r-devel-linux-x86_64-fedora-gcc, r-devel-windows-x86_64, r-patched-linux-x86_64, r-release-linux-x86_64, r-release-macos-arm64, r-release-macos-x86_64, r-release-windows-x86_64