Last updated on 2025-11-25 17:49:52 CET.
| Flavor | Version | Tinstall | Tcheck | Ttotal | Status | Flags |
|---|---|---|---|---|---|---|
| r-devel-linux-x86_64-debian-clang | 0.9.0 | 27.14 | 128.68 | 155.82 | WARN | |
| r-devel-linux-x86_64-debian-gcc | 0.9.0 | 17.65 | 105.93 | 123.58 | WARN | |
| r-devel-linux-x86_64-fedora-clang | 0.9.0 | 84.00 | 170.47 | 254.47 | NOTE | |
| r-devel-linux-x86_64-fedora-gcc | 0.9.0 | 71.00 | 193.47 | 264.47 | NOTE | |
| r-devel-windows-x86_64 | 0.9.0 | 36.00 | 168.00 | 204.00 | NOTE | |
| r-patched-linux-x86_64 | 0.9.0 | 30.79 | 139.99 | 170.78 | NOTE | |
| r-release-linux-x86_64 | 0.9.0 | 27.84 | 140.95 | 168.79 | NOTE | |
| r-release-macos-arm64 | 0.9.0 | NOTE | ||||
| r-release-macos-x86_64 | 0.9.0 | 20.00 | 221.00 | 241.00 | NOTE | |
| r-release-windows-x86_64 | 0.9.0 | 34.00 | 169.00 | 203.00 | NOTE | |
| r-oldrel-macos-arm64 | 0.9.0 | NOTE | ||||
| r-oldrel-macos-x86_64 | 0.9.0 | 15.00 | 136.00 | 151.00 | NOTE | |
| r-oldrel-windows-x86_64 | 0.9.0 | 41.00 | 219.00 | 260.00 | NOTE |
Version: 0.9.0
Check: CRAN incoming feasibility
Result: NOTE
Maintainer: ‘Alexander Rix <alexrix@umich.edu>’
The Description field contains
(HiGLASSO), developed by Boss et al (2020) <arXiv:2003.12844>, is a
Please refer to arXiv e-prints via their arXiv DOI <doi:10.48550/arXiv.YYMM.NNNNN>.
Flavors: r-devel-linux-x86_64-debian-clang, r-devel-linux-x86_64-debian-gcc
Version: 0.9.0
Check: whether package can be installed
Result: WARN
Found the following significant warnings:
/home/hornik/tmp/R.check/r-devel-clang/Work/build/Packages/RcppArmadillo/include/RcppArmadillo/version/arma.h:66:17: warning: Using fallback compilation with Armadillo 14.6.3. Please consider defining -DARMA_USE_CURRENT and also removing C++11 compilation directive. See GitHub issue #475 for more. [-W#pragma-messages]
See ‘/home/hornik/tmp/R.check/r-devel-clang/Work/PKGS/higlasso.Rcheck/00install.out’ for details.
* used C++ compiler: ‘Debian clang version 21.1.5 (1)’
Flavor: r-devel-linux-x86_64-debian-clang
Version: 0.9.0
Check: C++ specification
Result: NOTE
Specified C++11: please drop specification unless essential
Flavors: r-devel-linux-x86_64-debian-clang, r-devel-linux-x86_64-debian-gcc, r-devel-linux-x86_64-fedora-clang, r-devel-linux-x86_64-fedora-gcc, r-devel-windows-x86_64, r-patched-linux-x86_64, r-release-linux-x86_64, r-release-macos-arm64, r-release-macos-x86_64, r-release-windows-x86_64, r-oldrel-macos-arm64, r-oldrel-macos-x86_64, r-oldrel-windows-x86_64
Version: 0.9.0
Check: whether package can be installed
Result: WARN
Found the following significant warnings:
/home/hornik/tmp/R.check/r-devel-gcc/Work/build/Packages/RcppArmadillo/include/RcppArmadillo/version/arma.h:66:199: note: ‘#pragma message: Using fallback compilation with Armadillo 14.6.3. Please consider defining -DARMA_USE_CURRENT and also removing C++11 compilation directive. See GitHub issue #475 for more.’
See ‘/home/hornik/tmp/R.check/r-devel-gcc/Work/PKGS/higlasso.Rcheck/00install.out’ for details.
* used C++ compiler: ‘g++-15 (Debian 15.2.0-7) 15.2.0’
Flavor: r-devel-linux-x86_64-debian-gcc