Last updated on 2024-08-16 06:50:02 CEST.
Flavor | Version | Tinstall | Tcheck | Ttotal | Status | Flags |
---|---|---|---|---|---|---|
r-devel-linux-x86_64-debian-clang | 0.1-10 | 446.43 | 27.44 | 473.87 | NOTE | |
r-devel-linux-x86_64-debian-gcc | 0.1-10 | 526.51 | 20.65 | 547.16 | NOTE | |
r-devel-linux-x86_64-fedora-clang | 0.1-10 | 1074.79 | NOTE | |||
r-devel-linux-x86_64-fedora-gcc | 0.1-10 | 1501.02 | NOTE | |||
r-devel-windows-x86_64 | 0.1-10 | 549.00 | 87.00 | 636.00 | NOTE | |
r-patched-linux-x86_64 | 0.1-10 | 746.07 | 25.04 | 771.11 | NOTE | |
r-release-linux-x86_64 | 0.1-10 | 744.90 | 25.15 | 770.05 | NOTE | |
r-release-macos-arm64 | 0.1-10 | 194.00 | NOTE | |||
r-release-macos-x86_64 | 0.1-10 | 156.00 | NOTE | |||
r-release-windows-x86_64 | 0.1-10 | 608.00 | 88.00 | 696.00 | NOTE | |
r-oldrel-macos-arm64 | 0.1-10 | 237.00 | NOTE | |||
r-oldrel-macos-x86_64 | 0.1-10 | 181.00 | NOTE | |||
r-oldrel-windows-x86_64 | 0.1-10 | 602.00 | 95.00 | 697.00 | NOTE |
Version: 0.1-10
Check: C++ specification
Result: NOTE
Specified C++11: please drop specification unless essential
Flavors: r-devel-linux-x86_64-debian-clang, r-devel-linux-x86_64-debian-gcc, r-devel-linux-x86_64-fedora-clang, r-devel-linux-x86_64-fedora-gcc, r-devel-windows-x86_64, r-patched-linux-x86_64, r-release-linux-x86_64, r-release-macos-arm64, r-release-macos-x86_64, r-release-windows-x86_64, r-oldrel-macos-arm64, r-oldrel-macos-x86_64, r-oldrel-windows-x86_64
Version: 0.1-10
Check: installed package size
Result: NOTE
installed size is 46.0Mb
sub-directories of 1Mb or more:
libs 45.8Mb
Flavors: r-release-macos-arm64, r-release-macos-x86_64, r-oldrel-macos-arm64, r-oldrel-macos-x86_64