Last updated on 2025-05-15 18:50:49 CEST.
Flavor | Version | Tinstall | Tcheck | Ttotal | Status | Flags |
---|---|---|---|---|---|---|
r-devel-linux-x86_64-debian-clang | 0.5-11 | 5.21 | 138.50 | 143.71 | NOTE | |
r-devel-linux-x86_64-debian-gcc | 0.5-11 | 4.32 | 95.41 | 99.73 | NOTE | |
r-devel-linux-x86_64-fedora-clang | 0.5-11 | 235.69 | NOTE | |||
r-devel-linux-x86_64-fedora-gcc | 0.5-11 | 244.30 | NOTE | |||
r-devel-windows-x86_64 | 0.5-11 | 11.00 | 164.00 | 175.00 | NOTE | |
r-patched-linux-x86_64 | 0.5-11 | 7.66 | 136.95 | 144.61 | NOTE | |
r-release-linux-x86_64 | 0.5-11 | 5.79 | 138.69 | 144.48 | NOTE | |
r-release-macos-arm64 | 0.5-11 | 85.00 | NOTE | |||
r-release-macos-x86_64 | 0.5-11 | 147.00 | NOTE | |||
r-release-windows-x86_64 | 0.5-11 | 10.00 | 166.00 | 176.00 | NOTE | |
r-oldrel-macos-arm64 | 0.5-11 | 70.00 | NOTE | |||
r-oldrel-macos-x86_64 | 0.5-11 | 116.00 | NOTE | |||
r-oldrel-windows-x86_64 | 0.5-11 | 10.00 | 211.00 | 221.00 | NOTE |
Version: 0.5-11
Check: Rd files
Result: NOTE
checkRd: (-1) read.VCF.Rd:21: Lost braces
21 | Reads a \url{https://samtools.github.io/hts-specs/}{Variant Call Format (VCF)} file into a BED object,
| ^
Flavors: r-devel-linux-x86_64-debian-clang, r-devel-linux-x86_64-debian-gcc, r-devel-linux-x86_64-fedora-clang, r-devel-linux-x86_64-fedora-gcc, r-devel-windows-x86_64, r-patched-linux-x86_64, r-release-linux-x86_64, r-release-macos-arm64, r-release-macos-x86_64, r-release-windows-x86_64, r-oldrel-macos-arm64, r-oldrel-macos-x86_64, r-oldrel-windows-x86_64