CRAN Package Check Results for Package hexbin

Last updated on 2025-06-30 18:49:42 CEST.

Flavor Version Tinstall Tcheck Ttotal Status Flags
r-devel-linux-x86_64-debian-clang 1.28.5 9.56 65.34 74.90 OK
r-devel-linux-x86_64-debian-gcc 1.28.5 6.56 47.88 54.44 OK
r-devel-linux-x86_64-fedora-clang 1.28.5 119.40 OK
r-devel-linux-x86_64-fedora-gcc 1.28.5 116.96 OK
r-devel-windows-x86_64 1.28.5 13.00 96.00 109.00 OK
r-patched-linux-x86_64 OK
r-release-linux-x86_64 1.28.5 7.87 61.99 69.86 OK
r-release-macos-arm64 1.28.5 47.00 NOTE
r-release-macos-x86_64 1.28.5 77.00 NOTE
r-release-windows-x86_64 1.28.5 13.00 94.00 107.00 OK
r-oldrel-macos-arm64 1.28.5 49.00 OK
r-oldrel-macos-x86_64 1.28.5 285.00 OK
r-oldrel-windows-x86_64 1.28.5 15.00 107.00 122.00 OK

Check Details

Version: 1.28.5
Check: re-building of vignette outputs
Result: NOTE Note: skipping ‘hexagon_binning.Rnw’ due to unavailable dependencies: 'marray' Flavors: r-release-macos-arm64, r-release-macos-x86_64