CRAN Package Check Results for Package hettx

Last updated on 2025-11-26 05:51:39 CET.

Flavor Version Tinstall Tcheck Ttotal Status Flags
r-devel-linux-x86_64-debian-clang 0.1.3 14.92 271.94 286.86 NOTE
r-devel-linux-x86_64-debian-gcc 0.1.3 11.44 179.43 190.87 ERROR
r-devel-linux-x86_64-fedora-clang 0.1.3 45.00 405.49 450.49 OK
r-devel-linux-x86_64-fedora-gcc 0.1.3 30.00 398.09 428.09 OK
r-devel-windows-x86_64 0.1.3 20.00 244.00 264.00 OK
r-patched-linux-x86_64 0.1.3 14.51 257.99 272.50 OK
r-release-linux-x86_64 0.1.3 15.09 261.76 276.85 OK
r-release-macos-arm64 0.1.3 OK
r-release-macos-x86_64 0.1.3 18.00 257.00 275.00 OK
r-release-windows-x86_64 0.1.3 16.00 241.00 257.00 OK
r-oldrel-macos-arm64 0.1.3 OK
r-oldrel-macos-x86_64 0.1.3 18.00 209.00 227.00 OK
r-oldrel-windows-x86_64 0.1.3 20.00 344.00 364.00 OK

Check Details

Version: 0.1.3
Check: CRAN incoming feasibility
Result: NOTE Maintainer: ‘Ben Fifield <benfifield@gmail.com>’ The Description field contains <doi:10.1111/rssb.12124> <arXiv:1412.5000>, and Ding, Feller, and Miratrix (2018) <doi:10.1080/01621459.2017.1407322> <arXiv:1605.06566> Please refer to arXiv e-prints via their arXiv DOI <doi:10.48550/arXiv.YYMM.NNNNN>. Flavors: r-devel-linux-x86_64-debian-clang, r-devel-linux-x86_64-debian-gcc

Version: 0.1.3
Check: tests
Result: ERROR Running ‘testthat.R’ [24s/31s] Running the tests in ‘tests/testthat.R’ failed. Complete output: > library(testthat) > library(hettx) > > test_check("hettx") Saving _problems/test_estimate_systematic-100.R [ FAIL 1 | WARN 0 | SKIP 0 | PASS 29 ] ══ Failed tests ════════════════════════════════════════════════════════════════ ── Error ('test_estimate_systematic.R:99:5'): Main complier methods work ─────── Error in `est.beta.LATE(formula = formula, data = data, interaction.formula = interaction.formula, method = method, na.rm = na.rm)`: min(n11, n10, n01, n00) > 1 is not TRUE Backtrace: ▆ 1. └─hettx::estimate_systematic(...) at test_estimate_systematic.R:99:5 2. └─hettx:::est.beta.LATE(...) 3. └─base::stopifnot(min(n11, n10, n01, n00) > 1) [ FAIL 1 | WARN 0 | SKIP 0 | PASS 29 ] Error: ! Test failures. Execution halted Flavor: r-devel-linux-x86_64-debian-gcc