CRAN Package Check Results for Package hetsurr

Last updated on 2025-11-17 17:49:40 CET.

Flavor Version Tinstall Tcheck Ttotal Status Flags
r-devel-linux-x86_64-debian-clang 1.0 6.22 60.33 66.55 NOTE
r-devel-linux-x86_64-debian-gcc 1.0 5.09 47.51 52.60 NOTE
r-devel-linux-x86_64-fedora-clang 1.0 14.00 91.99 105.99 OK
r-devel-linux-x86_64-fedora-gcc 1.0 14.00 88.85 102.85 OK
r-devel-windows-x86_64 1.0 8.00 74.00 82.00 OK
r-patched-linux-x86_64 1.0 6.47 58.20 64.67 OK
r-release-linux-x86_64 1.0 6.21 58.39 64.60 OK
r-release-macos-arm64 1.0 4.00 34.00 38.00 OK
r-release-macos-x86_64 1.0 6.00 58.00 64.00 OK
r-release-windows-x86_64 1.0 7.00 74.00 81.00 OK
r-oldrel-macos-arm64 1.0 3.00 31.00 34.00 OK
r-oldrel-macos-x86_64 1.0 4.00 43.00 47.00 OK
r-oldrel-windows-x86_64 1.0 10.00 87.00 97.00 OK

Check Details

Version: 1.0
Check: CRAN incoming feasibility
Result: NOTE Maintainer: ‘Layla Parast <parast@austin.utexas.edu>’ No Authors@R field in DESCRIPTION. Please add one, modifying Authors@R: person(given = "Layla", family = "Parast", role = c("aut", "cre"), email = "parast@austin.utexas.edu") as necessary. Flavors: r-devel-linux-x86_64-debian-clang, r-devel-linux-x86_64-debian-gcc