Last updated on 2025-02-10 17:49:12 CET.
Flavor | Version | Tinstall | Tcheck | Ttotal | Status | Flags |
---|---|---|---|---|---|---|
r-devel-linux-x86_64-debian-clang | 0.2.2 | 10.19 | 85.34 | 95.53 | NOTE | |
r-devel-linux-x86_64-debian-gcc | 0.2.2 | 5.54 | 61.81 | 67.35 | NOTE | |
r-devel-linux-x86_64-fedora-clang | 0.2.2 | 154.03 | NOTE | |||
r-devel-linux-x86_64-fedora-gcc | 0.2.2 | 153.44 | NOTE | |||
r-devel-windows-x86_64 | 0.2.2 | 11.00 | 102.00 | 113.00 | NOTE | |
r-patched-linux-x86_64 | 0.2.2 | 10.28 | 78.48 | 88.76 | OK | |
r-release-linux-x86_64 | 0.2.2 | 9.79 | 78.93 | 88.72 | OK | |
r-release-macos-arm64 | 0.2.2 | 63.00 | NOTE | |||
r-release-macos-x86_64 | 0.2.2 | 158.00 | NOTE | |||
r-release-windows-x86_64 | 0.2.2 | 14.00 | 100.00 | 114.00 | NOTE | |
r-oldrel-macos-arm64 | 0.2.2 | 79.00 | NOTE | |||
r-oldrel-macos-x86_64 | 0.2.2 | 137.00 | NOTE | |||
r-oldrel-windows-x86_64 | 0.2.2 | 16.00 | 119.00 | 135.00 | NOTE |
Version: 0.2.2
Check: DESCRIPTION meta-information
Result: NOTE
Missing dependency on R >= 4.1.0 because package code uses the pipe
|> or function shorthand \(...) syntax added in R 4.1.0.
File(s) using such syntax:
‘plt-gartner-magic-chart.R’ ‘utils-save-to-excel.R’
Flavors: r-devel-linux-x86_64-debian-clang, r-devel-linux-x86_64-debian-gcc, r-devel-linux-x86_64-fedora-clang, r-devel-linux-x86_64-fedora-gcc, r-devel-windows-x86_64
Version: 0.2.2
Check: installed package size
Result: NOTE
installed size is 5.5Mb
sub-directories of 1Mb or more:
data 1.5Mb
doc 3.7Mb
Flavors: r-release-macos-arm64, r-release-macos-x86_64, r-release-windows-x86_64, r-oldrel-macos-arm64, r-oldrel-macos-x86_64, r-oldrel-windows-x86_64