Last updated on 2025-06-30 18:49:42 CEST.
Flavor | Version | Tinstall | Tcheck | Ttotal | Status | Flags |
---|---|---|---|---|---|---|
r-devel-linux-x86_64-debian-clang | 0.3.2 | 4.84 | 170.63 | 175.47 | OK | |
r-devel-linux-x86_64-debian-gcc | 0.3.2 | 3.16 | 117.49 | 120.65 | OK | |
r-devel-linux-x86_64-fedora-clang | 0.3.2 | 257.48 | OK | |||
r-devel-linux-x86_64-fedora-gcc | 0.3.2 | 257.67 | OK | |||
r-devel-windows-x86_64 | 0.3.2 | 6.00 | 170.00 | 176.00 | OK | |
r-patched-linux-x86_64 | OK | |||||
r-release-linux-x86_64 | 0.3.2 | 4.81 | 160.21 | 165.02 | OK | |
r-release-macos-arm64 | 0.3.2 | 104.00 | OK | |||
r-release-macos-x86_64 | 0.3.2 | 172.00 | OK | |||
r-release-windows-x86_64 | 0.3.2 | 9.00 | 169.00 | 178.00 | OK | |
r-oldrel-macos-arm64 | 0.3.2 | 90.00 | OK | |||
r-oldrel-macos-x86_64 | 0.3.2 | 148.00 | NOTE | |||
r-oldrel-windows-x86_64 | 0.3.2 | 9.00 | 213.00 | 222.00 | OK |
Version: 0.3.2
Check: installed package size
Result: NOTE
installed size is 5.6Mb
sub-directories of 1Mb or more:
data 3.5Mb
doc 1.9Mb
Flavor: r-oldrel-macos-x86_64