Last updated on 2025-11-04 13:50:16 CET.
| Flavor | Version | Tinstall | Tcheck | Ttotal | Status | Flags |
|---|---|---|---|---|---|---|
| r-devel-linux-x86_64-debian-clang | 1.0.1 | 5.06 | 195.31 | 200.37 | OK | |
| r-devel-linux-x86_64-debian-gcc | 1.0.1 | 3.57 | 141.84 | 145.41 | OK | |
| r-devel-linux-x86_64-fedora-clang | 1.0.1 | 15.00 | 339.72 | 354.72 | OK | |
| r-devel-linux-x86_64-fedora-gcc | 1.0.1 | 11.00 | 317.32 | 328.32 | OK | |
| r-devel-windows-x86_64 | 1.0.1 | 9.00 | 189.00 | 198.00 | OK | |
| r-patched-linux-x86_64 | 1.0.1 | 5.33 | 211.34 | 216.67 | OK | |
| r-release-linux-x86_64 | 1.0.1 | 4.87 | 190.37 | 195.24 | OK | |
| r-release-macos-arm64 | 1.0.1 | 3.00 | 84.00 | 87.00 | OK | |
| r-release-macos-x86_64 | 1.0.1 | 4.00 | 170.00 | 174.00 | OK | |
| r-release-windows-x86_64 | 1.0.1 | 8.00 | 184.00 | 192.00 | OK | |
| r-oldrel-macos-arm64 | 1.0.1 | 3.00 | 89.00 | 92.00 | NOTE | |
| r-oldrel-macos-x86_64 | 1.0.1 | 5.00 | 169.00 | 174.00 | NOTE | |
| r-oldrel-windows-x86_64 | 1.0.1 | 9.00 | 248.00 | 257.00 | NOTE |
Version: 1.0.1
Check: installed package size
Result: NOTE
installed size is 5.5Mb
sub-directories of 1Mb or more:
data 2.5Mb
doc 2.7Mb
Flavors: r-oldrel-macos-arm64, r-oldrel-macos-x86_64, r-oldrel-windows-x86_64