Last updated on 2025-11-26 05:51:38 CET.
| Flavor | Version | Tinstall | Tcheck | Ttotal | Status | Flags |
|---|---|---|---|---|---|---|
| r-devel-linux-x86_64-debian-clang | 3.0.1 | 1.82 | 43.11 | 44.93 | NOTE | |
| r-devel-linux-x86_64-debian-gcc | 3.0.1 | 1.50 | 33.34 | 34.84 | NOTE | |
| r-devel-linux-x86_64-fedora-clang | 3.0.1 | 66.87 | OK | |||
| r-devel-linux-x86_64-fedora-gcc | 3.0.1 | 78.05 | OK | |||
| r-devel-windows-x86_64 | 3.0.1 | 4.00 | 63.00 | 67.00 | OK | |
| r-patched-linux-x86_64 | 3.0.1 | 1.97 | 41.00 | 42.97 | OK | |
| r-release-linux-x86_64 | 3.0.1 | 1.90 | 42.59 | 44.49 | OK | |
| r-release-macos-arm64 | 3.0.1 | OK | ||||
| r-release-macos-x86_64 | 3.0.1 | 2.00 | 65.00 | 67.00 | OK | |
| r-release-windows-x86_64 | 3.0.1 | 4.00 | 92.00 | 96.00 | OK | |
| r-oldrel-macos-arm64 | 3.0.1 | OK | ||||
| r-oldrel-macos-x86_64 | 3.0.1 | 2.00 | 50.00 | 52.00 | OK | |
| r-oldrel-windows-x86_64 | 3.0.1 | 5.00 | 76.00 | 81.00 | OK |
Version: 3.0.1
Check: CRAN incoming feasibility
Result: NOTE
Maintainer: ‘Daniel Wilson <hmp.R.package@gmail.com>’
No Authors@R field in DESCRIPTION.
Please add one, modifying
Authors@R: c(person(given = c("Daniel", "J."),
family = "Wilson",
role = "aut"),
person(given = "Daniel",
family = "Wilson",
role = "cre",
email = "hmp.R.package@gmail.com"))
as necessary.
Flavors: r-devel-linux-x86_64-debian-clang, r-devel-linux-x86_64-debian-gcc