CRAN Package Check Results for Package hJAM

Last updated on 2025-11-04 13:50:16 CET.

Flavor Version Tinstall Tcheck Ttotal Status Flags
r-devel-linux-x86_64-debian-clang 1.0.0 8.54 79.84 88.38 NOTE
r-devel-linux-x86_64-debian-gcc 1.0.0 5.25 56.49 61.74 NOTE
r-devel-linux-x86_64-fedora-clang 1.0.0 42.00 101.28 143.28 OK
r-devel-linux-x86_64-fedora-gcc 1.0.0 16.00 116.35 132.35 OK
r-devel-windows-x86_64 1.0.0 11.00 89.00 100.00 OK
r-patched-linux-x86_64 1.0.0 7.19 74.79 81.98 OK
r-release-linux-x86_64 1.0.0 7.73 73.86 81.59 OK
r-release-macos-arm64 1.0.0 4.00 59.00 63.00 OK
r-release-macos-x86_64 1.0.0 5.00 65.00 70.00 OK
r-release-windows-x86_64 1.0.0 11.00 85.00 96.00 OK
r-oldrel-macos-arm64 1.0.0 3.00 38.00 41.00 OK
r-oldrel-macos-x86_64 1.0.0 4.00 52.00 56.00 OK
r-oldrel-windows-x86_64 1.0.0 13.00 107.00 120.00 OK

Check Details

Version: 1.0.0
Check: CRAN incoming feasibility
Result: NOTE Maintainer: ‘Lai Jiang <jian848@usc.edu>’ No Authors@R field in DESCRIPTION. Please add one, modifying Authors@R: person(given = "Lai", family = "Jiang", role = c("aut", "cre"), email = "jian848@usc.edu") as necessary. Found the following URLs which should use \doi (with the DOI name only): File ‘get_cond_alpha.Rd’: https://doi.org/10.1101/2020.02.03.924241 File ‘hJAM_egger.Rd’: https://doi.org/10.1101/2020.02.03.924241 File ‘hJAM_lnreg.Rd’: https://doi.org/10.1101/2020.02.03.924241 Flavors: r-devel-linux-x86_64-debian-clang, r-devel-linux-x86_64-debian-gcc