Last updated on 2025-02-05 17:49:57 CET.
Flavor | Version | Tinstall | Tcheck | Ttotal | Status | Flags |
---|---|---|---|---|---|---|
r-devel-linux-x86_64-debian-clang | 0.1.2 | 7.58 | 64.61 | 72.19 | NOTE | |
r-devel-linux-x86_64-debian-gcc | 0.1.2 | 5.87 | 47.91 | 53.78 | NOTE | |
r-devel-linux-x86_64-fedora-clang | 0.1.2 | 122.08 | OK | |||
r-devel-linux-x86_64-fedora-gcc | 0.1.2 | 108.89 | OK | |||
r-devel-windows-x86_64 | 0.1.2 | 10.00 | 82.00 | 92.00 | NOTE | |
r-patched-linux-x86_64 | 0.1.2 | 10.37 | 62.10 | 72.47 | OK | |
r-release-linux-x86_64 | 0.1.2 | 7.91 | 61.74 | 69.65 | OK | |
r-release-macos-arm64 | 0.1.2 | 35.00 | OK | |||
r-release-macos-x86_64 | 0.1.2 | 62.00 | OK | |||
r-release-windows-x86_64 | 0.1.2 | 9.00 | 81.00 | 90.00 | OK | |
r-oldrel-macos-arm64 | 0.1.2 | 38.00 | OK | |||
r-oldrel-macos-x86_64 | 0.1.2 | 59.00 | OK | |||
r-oldrel-windows-x86_64 | 0.1.2 | 10.00 | 91.00 | 101.00 | OK |
Version: 0.1.2
Check: Rd cross-references
Result: NOTE
Found the following Rd file(s) with Rd \link{} targets missing package
anchors:
gstudy.Rd: lmer
Please provide package anchors for all Rd \link{} targets not in the
package itself and the base packages.
Flavors: r-devel-linux-x86_64-debian-clang, r-devel-linux-x86_64-debian-gcc, r-devel-windows-x86_64