Last updated on 2025-11-25 17:49:52 CET.
| Flavor | Version | Tinstall | Tcheck | Ttotal | Status | Flags |
|---|---|---|---|---|---|---|
| r-devel-linux-x86_64-debian-clang | 0.3.1 | 19.67 | 132.24 | 151.91 | OK | |
| r-devel-linux-x86_64-debian-gcc | 0.3.1 | 15.35 | 95.28 | 110.63 | OK | |
| r-devel-linux-x86_64-fedora-clang | 0.3.2 | 130.00 | 126.63 | 256.63 | OK | |
| r-devel-linux-x86_64-fedora-gcc | 0.3.2 | 85.00 | 166.62 | 251.62 | OK | |
| r-devel-windows-x86_64 | 0.3.1 | 29.00 | 134.00 | 163.00 | OK | |
| r-patched-linux-x86_64 | 0.3.1 | 21.59 | 121.35 | 142.94 | OK | |
| r-release-linux-x86_64 | 0.3.1 | 19.77 | 119.83 | 139.60 | OK | |
| r-release-macos-arm64 | 0.3.2 | 11.00 | 37.00 | 48.00 | WARN | |
| r-release-macos-x86_64 | 0.3.2 | 42.00 | 235.00 | 277.00 | OK | |
| r-release-windows-x86_64 | 0.3.1 | 24.00 | 131.00 | 155.00 | OK | |
| r-oldrel-macos-arm64 | 0.2.1 | OK | ||||
| r-oldrel-macos-x86_64 | 0.2.1 | 12.00 | 212.00 | 224.00 | OK | |
| r-oldrel-windows-x86_64 | 0.2.1 | 18.00 | 270.00 | 288.00 | OK |
Version: 0.3.2
Check: whether startup messages can be suppressed
Result: NOTE
2025-11-25 19:19:03.823 R[10939:587047] XType: Using static font registry.
It looks like this package (or a package it requires) has a startup
message which cannot be suppressed: see ?packageStartupMessage.
Flavor: r-release-macos-arm64
Version: 0.3.2
Check: dependencies in R code
Result: NOTE
2025-11-25 19:19:04.861 R[11652:588091] XType: Using static font registry.
Flavor: r-release-macos-arm64
Version: 0.3.2
Check: S3 generic/method consistency
Result: WARN
2025-11-25 19:19:05.924 R[12493:589370] XType: Using static font registry.
See section ‘Generic functions and methods’ in the ‘Writing R
Extensions’ manual.
Flavor: r-release-macos-arm64
Version: 0.3.2
Check: replacement functions
Result: WARN
2025-11-25 19:19:07.126 R[13824:591322] XType: Using static font registry.
The argument of a replacement function which corresponds to the right
hand side must be named ‘value’.
Flavor: r-release-macos-arm64
Version: 0.3.2
Check: foreign function calls
Result: NOTE
2025-11-25 19:19:08.207 R[14983:592998] XType: Using static font registry.
See chapter ‘System and foreign language interfaces’ in the ‘Writing R
Extensions’ manual.
Flavor: r-release-macos-arm64
Version: 0.3.2
Check: R code for possible problems
Result: NOTE
2025-11-25 19:19:09.684 R[16213:594809] XType: Using static font registry.
Flavor: r-release-macos-arm64
Version: 0.3.2
Check: for missing documentation entries
Result: WARN
2025-11-25 19:19:12.936 R[17457:596868] XType: Using static font registry.
All user-level objects in a package should have documentation entries.
See chapter ‘Writing R documentation files’ in the ‘Writing R
Extensions’ manual.
Flavor: r-release-macos-arm64
Version: 0.3.2
Check: for code/documentation mismatches
Result: WARN
2025-11-25 19:19:14.296 R[18754:598634] XType: Using static font registry.
2025-11-25 19:19:15.735 R[19285:599624] XType: Using static font registry.
2025-11-25 19:19:16.799 R[20125:600867] XType: Using static font registry.
Flavor: r-release-macos-arm64
Version: 0.3.2
Check: Rd \usage sections
Result: NOTE
2025-11-25 19:19:17.968 R[21359:602615] XType: Using static font registry.
The \usage entries for S3 methods should use the \method markup and not
their full name.
See chapter ‘Writing R documentation files’ in the ‘Writing R
Extensions’ manual.
Flavor: r-release-macos-arm64