Last updated on 2025-02-05 17:49:57 CET.
Flavor | Version | Tinstall | Tcheck | Ttotal | Status | Flags |
---|---|---|---|---|---|---|
r-devel-linux-x86_64-debian-clang | 1.0.1 | 51.80 | 25.23 | 77.03 | NOTE | |
r-devel-linux-x86_64-debian-gcc | 1.0.1 | 34.13 | 19.36 | 53.49 | NOTE | |
r-devel-linux-x86_64-fedora-clang | 1.0.1 | 153.26 | NOTE | |||
r-devel-linux-x86_64-fedora-gcc | 1.0.1 | 152.85 | NOTE | |||
r-devel-windows-x86_64 | 1.0.1 | 55.00 | 69.00 | 124.00 | NOTE | |
r-patched-linux-x86_64 | 1.0.1 | 53.20 | 23.99 | 77.19 | NOTE | |
r-release-linux-x86_64 | 1.0.1 | 50.24 | 23.16 | 73.40 | NOTE | |
r-release-macos-arm64 | 1.0.1 | 38.00 | NOTE | |||
r-release-macos-x86_64 | 1.0.1 | 39.00 | NOTE | |||
r-release-windows-x86_64 | 1.0.1 | 55.00 | 66.00 | 121.00 | NOTE | |
r-oldrel-macos-arm64 | 1.0.1 | 41.00 | NOTE | |||
r-oldrel-macos-x86_64 | 1.0.1 | 72.00 | NOTE | |||
r-oldrel-windows-x86_64 | 1.0.1 | 66.00 | 76.00 | 142.00 | NOTE |
Version: 1.0.1
Check: C++ specification
Result: NOTE
Specified C++11: please drop specification unless essential
Flavors: r-devel-linux-x86_64-debian-clang, r-devel-linux-x86_64-debian-gcc, r-devel-linux-x86_64-fedora-clang, r-devel-linux-x86_64-fedora-gcc, r-devel-windows-x86_64, r-patched-linux-x86_64, r-release-linux-x86_64, r-release-macos-arm64, r-release-macos-x86_64, r-release-windows-x86_64, r-oldrel-macos-arm64, r-oldrel-macos-x86_64, r-oldrel-windows-x86_64
Version: 1.0.1
Check: DESCRIPTION meta-information
Result: NOTE
Missing dependency on R >= 4.1.0 because package code uses the pipe
|> or function shorthand \(...) syntax added in R 4.1.0.
File(s) using such syntax:
‘otgrid.R’ ‘otgridtransport.R’ ‘pivot_measure.R’ ‘transport1d.R’
‘transport_cost.R’ ‘transport_costmat.R’ ‘transport_df.R’
‘without_zeros.R’
Flavors: r-devel-linux-x86_64-debian-clang, r-devel-linux-x86_64-debian-gcc, r-devel-linux-x86_64-fedora-clang, r-devel-linux-x86_64-fedora-gcc, r-devel-windows-x86_64