CRAN Package Check Results for Package greenR

Last updated on 2025-11-25 17:49:52 CET.

Flavor Version Tinstall Tcheck Ttotal Status Flags
r-devel-linux-x86_64-debian-clang 0.0.1.4 0.41 2.65 3.06 ERROR
r-devel-linux-x86_64-debian-gcc 0.0.1.4 0.29 2.16 2.45 ERROR
r-devel-linux-x86_64-fedora-clang 0.0.1.4 3.01 ERROR
r-devel-linux-x86_64-fedora-gcc 0.0.1.4 3.17 ERROR
r-devel-windows-x86_64 0.0.1.4 37.00 245.00 282.00 OK
r-patched-linux-x86_64 0.0.1.4 33.57 293.49 327.06 OK
r-release-linux-x86_64 0.0.1.4 34.68 294.43 329.11 OK
r-release-macos-arm64 0.0.1.4 OK
r-release-macos-x86_64 0.0.1.4 41.00 202.00 243.00 OK
r-release-windows-x86_64 0.0.1.4 36.00 242.00 278.00 OK
r-oldrel-macos-arm64 0.0.1.4 OK
r-oldrel-macos-x86_64 0.0.1.4 17.00 ERROR
r-oldrel-windows-x86_64 0.0.1.4 49.00 328.00 377.00 OK

Check Details

Version: 0.0.1.4
Check: package dependencies
Result: ERROR Packages required but not available: 'tmap', 'mapview', 'h3jsr' See section ‘The DESCRIPTION file’ in the ‘Writing R Extensions’ manual. Flavors: r-devel-linux-x86_64-debian-clang, r-devel-linux-x86_64-debian-gcc, r-devel-linux-x86_64-fedora-gcc

Version: 0.0.1.4
Check: package dependencies
Result: ERROR Packages required but not available: 'tmap', 'mapview', 'h3jsr' Imports includes 38 non-default packages. Importing from so many packages makes the package vulnerable to any of them becoming unavailable. Move as many as possible to Suggests and use conditionally. See section ‘The DESCRIPTION file’ in the ‘Writing R Extensions’ manual. Flavor: r-devel-linux-x86_64-fedora-clang

Version: 0.0.1.4
Check: package dependencies
Result: ERROR Package required but not available: ‘osmdata’ See section ‘The DESCRIPTION file’ in the ‘Writing R Extensions’ manual. Flavor: r-oldrel-macos-x86_64