Last updated on 2024-06-29 06:49:42 CEST.
Flavor | Version | Tinstall | Tcheck | Ttotal | Status | Flags |
---|---|---|---|---|---|---|
r-devel-linux-x86_64-debian-clang | 0.2.5 | 22.89 | 207.21 | 230.10 | NOTE | |
r-devel-linux-x86_64-debian-gcc | 0.2.5 | 17.64 | 145.40 | 163.04 | NOTE | |
r-devel-linux-x86_64-fedora-clang | 0.2.5 | 292.29 | NOTE | |||
r-devel-linux-x86_64-fedora-gcc | 0.2.5 | 275.66 | NOTE | |||
r-devel-windows-x86_64 | 0.2.5 | 21.00 | 166.00 | 187.00 | NOTE | |
r-patched-linux-x86_64 | 0.2.5 | 21.95 | 187.34 | 209.29 | OK | |
r-release-linux-x86_64 | 0.2.5 | 13.20 | 192.71 | 205.91 | OK | |
r-release-macos-arm64 | 0.2.5 | 74.00 | NOTE | |||
r-release-macos-x86_64 | 0.2.5 | 117.00 | NOTE | |||
r-release-windows-x86_64 | 0.2.5 | 22.00 | 170.00 | 192.00 | OK | |
r-oldrel-macos-arm64 | 0.2.5 | 90.00 | NOTE | |||
r-oldrel-macos-x86_64 | 0.2.5 | 158.00 | NOTE | |||
r-oldrel-windows-x86_64 | 0.2.5 | 29.00 | 216.00 | 245.00 | OK |
Version: 0.2.5
Check: compiled code
Result: NOTE
File ‘grandR/libs/grandR.so’:
Found non-API call to R: ‘SETLENGTH’
Compiled code should not call non-API entry points in R.
See ‘Writing portable packages’ in the ‘Writing R Extensions’ manual.
See section ‘Moving into C API compliance’ in the ‘Writing R
Extensions’ manual for issues with use of non-API entry points.
Flavors: r-devel-linux-x86_64-debian-clang, r-devel-linux-x86_64-debian-gcc, r-devel-linux-x86_64-fedora-clang, r-devel-linux-x86_64-fedora-gcc
Version: 0.2.5
Check: compiled code
Result: NOTE
File 'grandR/libs/x64/grandR.dll':
Found non-API call to R: 'SETLENGTH'
Compiled code should not call non-API entry points in R.
See 'Writing portable packages' in the 'Writing R Extensions' manual.
See section 'Moving into C API compliance' in the 'Writing R
Extensions' manual for issues with use of non-API entry points.
Flavor: r-devel-windows-x86_64
Version: 0.2.5
Check: package dependencies
Result: NOTE
Package suggested but not available for checking: ‘monocle’
Flavors: r-release-macos-arm64, r-release-macos-x86_64, r-oldrel-macos-arm64, r-oldrel-macos-x86_64
Version: 0.2.5
Check: Rd cross-references
Result: NOTE
Package unavailable to check Rd xrefs: ‘monocle’
Flavors: r-release-macos-arm64, r-release-macos-x86_64, r-oldrel-macos-arm64, r-oldrel-macos-x86_64