Last updated on 2024-06-15 17:57:34 CEST.
Flavor | Version | Tinstall | Tcheck | Ttotal | Status | Flags |
---|---|---|---|---|---|---|
r-devel-linux-x86_64-debian-clang | 1.5.0 | 1145.84 | 114.55 | 1260.39 | OK | |
r-devel-linux-x86_64-debian-gcc | 1.5.0 | 818.41 | 133.56 | 951.97 | OK | |
r-devel-linux-x86_64-fedora-clang | 1.5.0 | 1757.61 | NOTE | |||
r-devel-linux-x86_64-fedora-gcc | 1.5.0 | 2025.32 | OK | |||
r-devel-windows-x86_64 | 1.5.0 | 748.00 | 221.00 | 969.00 | NOTE | |
r-patched-linux-x86_64 | 1.5.0 | 1004.12 | 152.66 | 1156.78 | OK | |
r-release-linux-x86_64 | 1.5.0 | 1024.23 | 147.91 | 1172.14 | OK | |
r-release-macos-arm64 | 1.5.0 | 446.00 | NOTE | |||
r-release-macos-x86_64 | 1.5.0 | 990.00 | NOTE | |||
r-release-windows-x86_64 | 1.5.0 | 751.00 | 231.00 | 982.00 | NOTE | |
r-oldrel-macos-arm64 | 1.5.0 | 407.00 | NOTE | |||
r-oldrel-macos-x86_64 | 1.5.0 | 908.00 | NOTE | |||
r-oldrel-windows-x86_64 | 1.5.0 | 747.00 | 266.00 | 1013.00 | NOTE |
Version: 1.5.0
Check: installed package size
Result: NOTE
installed size is 12.8Mb
sub-directories of 1Mb or more:
libs 11.9Mb
Flavors: r-devel-linux-x86_64-fedora-clang, r-devel-windows-x86_64, r-release-macos-arm64, r-release-macos-x86_64, r-release-windows-x86_64, r-oldrel-macos-arm64, r-oldrel-macos-x86_64, r-oldrel-windows-x86_64