CRAN Package Check Results for Package goldfish

Last updated on 2025-06-30 18:49:42 CEST.

Flavor Version Tinstall Tcheck Ttotal Status Flags
r-devel-linux-x86_64-debian-clang 1.6.12 147.15 106.72 253.87 OK
r-devel-linux-x86_64-debian-gcc 1.6.12 100.89 71.37 172.26 OK
r-devel-linux-x86_64-fedora-clang 1.6.12 555.34 OK
r-devel-linux-x86_64-fedora-gcc 1.6.12 456.93 OK
r-devel-windows-x86_64 1.6.12 172.00 135.00 307.00 OK
r-patched-linux-x86_64 OK
r-release-linux-x86_64 1.6.12 139.67 98.55 238.22 OK
r-release-macos-arm64 1.6.12 91.00 OK
r-release-macos-x86_64 1.6.12 165.00 OK
r-release-windows-x86_64 1.6.12 173.00 130.00 303.00 OK
r-oldrel-macos-arm64 1.6.12 100.00 NOTE
r-oldrel-macos-x86_64 1.6.12 134.00 NOTE
r-oldrel-windows-x86_64 1.6.12 206.00 162.00 368.00 OK

Check Details

Version: 1.6.12
Check: installed package size
Result: NOTE installed size is 7.6Mb sub-directories of 1Mb or more: libs 5.9Mb Flavors: r-oldrel-macos-arm64, r-oldrel-macos-x86_64