Last updated on 2025-11-25 17:49:51 CET.
| Flavor | Version | Tinstall | Tcheck | Ttotal | Status | Flags |
|---|---|---|---|---|---|---|
| r-devel-linux-x86_64-debian-clang | 0.0.3 | 81.37 | 203.71 | 285.08 | OK | |
| r-devel-linux-x86_64-debian-gcc | 0.0.3 | 44.10 | 110.91 | 155.01 | ERROR | |
| r-devel-linux-x86_64-fedora-clang | 0.0.3 | 209.00 | 283.23 | 492.23 | OK | |
| r-devel-linux-x86_64-fedora-gcc | 0.0.3 | 154.00 | 287.58 | 441.58 | OK | |
| r-devel-windows-x86_64 | 0.0.3 | 92.00 | 574.00 | 666.00 | OK | |
| r-patched-linux-x86_64 | 0.0.3 | 71.70 | 197.62 | 269.32 | OK | |
| r-release-linux-x86_64 | 0.0.3 | 72.44 | 195.59 | 268.03 | OK | |
| r-release-macos-arm64 | 0.0.3 | OK | ||||
| r-release-macos-x86_64 | 0.0.3 | 32.00 | 243.00 | 275.00 | OK | |
| r-release-windows-x86_64 | 0.0.3 | 89.00 | 332.00 | 421.00 | OK | |
| r-oldrel-macos-arm64 | 0.0.3 | NOTE | ||||
| r-oldrel-macos-x86_64 | 0.0.3 | 30.00 | 250.00 | 280.00 | NOTE | |
| r-oldrel-windows-x86_64 | 0.0.3 | 111.00 | 333.00 | 444.00 | ERROR |
Version: 0.0.3
Check: re-building of vignette outputs
Result: ERROR
Error(s) in re-building vignettes:
...
--- re-building ‘estimate_small_network.Rmd’ using rmarkdown
Quitting from estimate_small_network.Rmd:105-147 [unnamed-chunk-3]
~~~~~~~~~~~~~~~~~~~~~~~~~~~~~~~~~~~~~~~~~~~~~~~~~~~~~~~~~~~~~~~~~~~~~~~~~~~~~~~~
NULL
~~~~~~~~~~~~~~~~~~~~~~~~~~~~~~~~~~~~~~~~~~~~~~~~~~~~~~~~~~~~~~~~~~~~~~~~~~~~~~~~
Error: processing vignette 'estimate_small_network.Rmd' failed with diagnostics:
Failed to perform HTTP request.
Caused by error in `curl::curl_fetch_memory()`:
! Timeout was reached [geodesy.unr.edu]:
Connection timed out after 60001 milliseconds
--- failed re-building ‘estimate_small_network.Rmd’
--- re-building ‘fit_model.Rmd’ using rmarkdown
Quitting from fit_model.Rmd:170-172 [unnamed-chunk-2]
~~~~~~~~~~~~~~~~~~~~~~~~~~~~~~~~~~~~~~~~~~~~~~~~~~~~~~~~~~~~~~~~~~~~~~~~~~~~~~~~
NULL
~~~~~~~~~~~~~~~~~~~~~~~~~~~~~~~~~~~~~~~~~~~~~~~~~~~~~~~~~~~~~~~~~~~~~~~~~~~~~~~~
Error: processing vignette 'fit_model.Rmd' failed with diagnostics:
Failed to perform HTTP request.
Caused by error in `curl::curl_fetch_memory()`:
! Timeout was reached [geodesy.unr.edu]:
Connection timed out after 60001 milliseconds
--- failed re-building ‘fit_model.Rmd’
--- re-building ‘load_plot_data_ngl.Rmd’ using rmarkdown
Quitting from load_plot_data_ngl.Rmd:30-33 [unnamed-chunk-2]
~~~~~~~~~~~~~~~~~~~~~~~~~~~~~~~~~~~~~~~~~~~~~~~~~~~~~~~~~~~~~~~~~~~~~~~~~~~~~~~~
NULL
~~~~~~~~~~~~~~~~~~~~~~~~~~~~~~~~~~~~~~~~~~~~~~~~~~~~~~~~~~~~~~~~~~~~~~~~~~~~~~~~
Error: processing vignette 'load_plot_data_ngl.Rmd' failed with diagnostics:
Failed to perform HTTP request.
Caused by error in `curl::curl_fetch_memory()`:
! Timeout was reached [geodesy.unr.edu]:
Connection timed out after 60001 milliseconds
--- failed re-building ‘load_plot_data_ngl.Rmd’
--- re-building ‘plot_large_network.Rmd’ using rmarkdown
[WARNING] Deprecated: --highlight-style. Use --syntax-highlighting instead.
--- finished re-building ‘plot_large_network.Rmd’
SUMMARY: processing the following files failed:
‘estimate_small_network.Rmd’ ‘fit_model.Rmd’ ‘load_plot_data_ngl.Rmd’
Error: Vignette re-building failed.
Execution halted
Flavor: r-devel-linux-x86_64-debian-gcc
Version: 0.0.3
Check: installed package size
Result: NOTE
installed size is 5.6Mb
sub-directories of 1Mb or more:
doc 1.7Mb
libs 3.7Mb
Flavors: r-oldrel-macos-arm64, r-oldrel-macos-x86_64
Version: 0.0.3
Check: examples
Result: ERROR
Running examples in 'gmwmx2-Ex.R' failed
The error most likely occurred in:
> ### Name: plot.gnss_ts_ngl
> ### Title: Plot a 'gnss_ts_ngl' object
> ### Aliases: plot.gnss_ts_ngl
>
> ### ** Examples
>
> station_1LSU <- download_station_ngl("1LSU")
Error in `req_perform()`:
! Failed to perform HTTP request.
Caused by error in `curl::curl_fetch_memory()`:
! Timeout was reached [geodesy.unr.edu]:
Connection timed out after 60013 milliseconds
Backtrace:
▆
1. └─gmwmx2::download_station_ngl("1LSU")
2. └─gmwmx2::download_all_stations_ngl()
3. └─httr2::req_perform(req)
4. └─httr2:::handle_resp(req, resp, error_call = error_call)
5. └─rlang::cnd_signal(resp)
Execution halted
Flavor: r-oldrel-windows-x86_64
Version: 0.0.3
Check: re-building of vignette outputs
Result: ERROR
Error(s) in re-building vignettes:
--- re-building 'estimate_small_network.Rmd' using rmarkdown
Quitting from estimate_small_network.Rmd:105-147 [unnamed-chunk-3]
~~~~~~~~~~~~~~~~~~~~~~~~~~~~~~~~~~~~~~~~~~~~~~~~~~~~~~~~~~~~~~~~~~~~~~~~~~~~~~~~
NULL
~~~~~~~~~~~~~~~~~~~~~~~~~~~~~~~~~~~~~~~~~~~~~~~~~~~~~~~~~~~~~~~~~~~~~~~~~~~~~~~~
Error: processing vignette 'estimate_small_network.Rmd' failed with diagnostics:
Failed to perform HTTP request.
Caused by error in `curl::curl_fetch_memory()`:
! Timeout was reached [geodesy.unr.edu]:
Connection timed out after 60008 milliseconds
--- failed re-building 'estimate_small_network.Rmd'
--- re-building 'fit_model.Rmd' using rmarkdown
Quitting from fit_model.Rmd:170-172 [unnamed-chunk-2]
~~~~~~~~~~~~~~~~~~~~~~~~~~~~~~~~~~~~~~~~~~~~~~~~~~~~~~~~~~~~~~~~~~~~~~~~~~~~~~~~
NULL
~~~~~~~~~~~~~~~~~~~~~~~~~~~~~~~~~~~~~~~~~~~~~~~~~~~~~~~~~~~~~~~~~~~~~~~~~~~~~~~~
Error: processing vignette 'fit_model.Rmd' failed with diagnostics:
Failed to perform HTTP request.
Caused by error in `curl::curl_fetch_memory()`:
! Timeout was reached [geodesy.unr.edu]:
Connection timed out after 60013 milliseconds
--- failed re-building 'fit_model.Rmd'
--- re-building 'load_plot_data_ngl.Rmd' using rmarkdown
Quitting from load_plot_data_ngl.Rmd:30-33 [unnamed-chunk-2]
~~~~~~~~~~~~~~~~~~~~~~~~~~~~~~~~~~~~~~~~~~~~~~~~~~~~~~~~~~~~~~~~~~~~~~~~~~~~~~~~
NULL
~~~~~~~~~~~~~~~~~~~~~~~~~~~~~~~~~~~~~~~~~~~~~~~~~~~~~~~~~~~~~~~~~~~~~~~~~~~~~~~~
Error: processing vignette 'load_plot_data_ngl.Rmd' failed with diagnostics:
Failed to perform HTTP request.
Caused by error in `curl::curl_fetch_memory()`:
! Timeout was reached [geodesy.unr.edu]:
Failed to connect to geodesy.unr.edu port 443 after 21008 ms: Could not connect to server
--- failed re-building 'load_plot_data_ngl.Rmd'
--- re-building 'plot_large_network.Rmd' using rmarkdown
--- finished re-building 'plot_large_network.Rmd'
SUMMARY: processing the following files failed:
'estimate_small_network.Rmd' 'fit_model.Rmd' 'load_plot_data_ngl.Rmd'
Error: Vignette re-building failed.
Execution halted
Flavor: r-oldrel-windows-x86_64