Last updated on 2025-11-26 05:51:38 CET.
| Flavor | Version | Tinstall | Tcheck | Ttotal | Status | Flags |
|---|---|---|---|---|---|---|
| r-devel-linux-x86_64-debian-clang | 1.6.3 | 65.76 | 131.40 | 197.16 | NOTE | |
| r-devel-linux-x86_64-debian-gcc | 1.6.3 | 42.11 | 87.01 | 129.12 | NOTE | |
| r-devel-linux-x86_64-fedora-clang | 1.6.3 | 143.00 | 181.70 | 324.70 | OK | |
| r-devel-linux-x86_64-fedora-gcc | 1.6.3 | 143.00 | 158.99 | 301.99 | OK | |
| r-devel-windows-x86_64 | 1.6.3 | 69.00 | 129.00 | 198.00 | OK | |
| r-patched-linux-x86_64 | 1.6.3 | 61.71 | 130.59 | 192.30 | NOTE | |
| r-release-linux-x86_64 | 1.6.3 | 68.39 | 127.72 | 196.11 | NOTE | |
| r-release-macos-arm64 | 1.6.3 | OK | ||||
| r-release-macos-x86_64 | 1.6.3 | 62.00 | 117.00 | 179.00 | OK | |
| r-release-windows-x86_64 | 1.6.3 | 62.00 | 143.00 | 205.00 | OK | |
| r-oldrel-macos-arm64 | 1.6.3 | NOTE | ||||
| r-oldrel-macos-x86_64 | 1.6.3 | 42.00 | 76.00 | 118.00 | NOTE | |
| r-oldrel-windows-x86_64 | 1.6.3 | 81.00 | 174.00 | 255.00 | OK |
Version: 1.6.3
Check: CRAN incoming feasibility
Result: NOTE
Maintainer: ‘Andreas Groll <groll@statistik.tu-dortmund.de>’
No Authors@R field in DESCRIPTION.
Please add one, modifying
Authors@R: person(given = "Andreas",
family = "Groll",
role = c("aut", "cre"),
email = "groll@statistik.tu-dortmund.de")
as necessary.
Flavors: r-devel-linux-x86_64-debian-clang, r-devel-linux-x86_64-debian-gcc
Version: 1.6.3
Check: for unstated dependencies in ‘demo’
Result: NOTE
'library' or 'require' calls not declared from:
‘MASS’ ‘nlme’
Flavors: r-devel-linux-x86_64-debian-clang, r-devel-linux-x86_64-debian-gcc, r-patched-linux-x86_64, r-release-linux-x86_64
Version: 1.6.3
Check: installed package size
Result: NOTE
installed size is 10.6Mb
sub-directories of 1Mb or more:
libs 10.0Mb
Flavors: r-oldrel-macos-arm64, r-oldrel-macos-x86_64