Last updated on 2025-02-10 17:49:11 CET.
Flavor | Version | Tinstall | Tcheck | Ttotal | Status | Flags |
---|---|---|---|---|---|---|
r-devel-linux-x86_64-debian-clang | 0.8.1 | 1.81 | 23.81 | 25.62 | NOTE | |
r-devel-linux-x86_64-debian-gcc | 0.8.1 | 1.50 | 19.44 | 20.94 | NOTE | |
r-devel-linux-x86_64-fedora-clang | 0.8.1 | 42.84 | OK | |||
r-devel-linux-x86_64-fedora-gcc | 0.8.1 | 53.54 | OK | |||
r-devel-windows-x86_64 | 0.8.1 | 4.00 | 49.00 | 53.00 | NOTE | |
r-patched-linux-x86_64 | 0.8.1 | 5.07 | 22.43 | 27.50 | NOTE | |
r-release-linux-x86_64 | 0.8.1 | 1.79 | 22.56 | 24.35 | NOTE | |
r-release-macos-arm64 | 0.8.1 | 24.00 | NOTE | |||
r-release-macos-x86_64 | 0.8.1 | 44.00 | NOTE | |||
r-release-windows-x86_64 | 0.8.1 | 4.00 | 48.00 | 52.00 | NOTE | |
r-oldrel-macos-arm64 | 0.8.1 | 27.00 | NOTE | |||
r-oldrel-macos-x86_64 | 0.8.1 | 34.00 | NOTE | |||
r-oldrel-windows-x86_64 | 0.8.1 | 3.00 | 49.00 | 52.00 | NOTE |
Version: 0.8.1
Check: Rd cross-references
Result: NOTE
Found the following Rd file(s) with Rd \link{} targets missing package
anchors:
gd_api.Rd: GET
Please provide package anchors for all Rd \link{} targets not in the
package itself and the base packages.
Flavors: r-devel-linux-x86_64-debian-clang, r-devel-linux-x86_64-debian-gcc, r-devel-windows-x86_64
Version: 0.8.1
Check: LazyData
Result: NOTE
'LazyData' is specified without a 'data' directory
Flavors: r-patched-linux-x86_64, r-release-linux-x86_64, r-release-macos-arm64, r-release-macos-x86_64, r-release-windows-x86_64, r-oldrel-macos-arm64, r-oldrel-macos-x86_64, r-oldrel-windows-x86_64