CRAN Package Check Results for Package gitlink

Last updated on 2025-02-05 17:49:57 CET.

Flavor Version Tinstall Tcheck Ttotal Status Flags
r-devel-linux-x86_64-debian-clang 0.1.3 1.67 24.86 26.53 OK
r-devel-linux-x86_64-debian-gcc 0.1.3 1.72 20.57 22.29 OK
r-devel-linux-x86_64-fedora-clang 0.1.3 44.33 OK
r-devel-linux-x86_64-fedora-gcc 0.1.3 40.94 OK
r-devel-windows-x86_64 0.1.3 3.00 50.00 53.00 OK
r-patched-linux-x86_64 0.1.3 2.11 24.29 26.40 NOTE
r-release-linux-x86_64 0.1.3 2.02 24.15 26.17 NOTE
r-release-macos-arm64 0.1.3 19.00 NOTE
r-release-macos-x86_64 0.1.3 27.00 NOTE
r-release-windows-x86_64 0.1.3 3.00 49.00 52.00 NOTE
r-oldrel-macos-arm64 0.1.3 19.00 NOTE
r-oldrel-macos-x86_64 0.1.3 25.00 NOTE
r-oldrel-windows-x86_64 0.1.3 4.00 45.00 49.00 NOTE

Check Details

Version: 0.1.3
Check: LazyData
Result: NOTE 'LazyData' is specified without a 'data' directory Flavors: r-patched-linux-x86_64, r-release-linux-x86_64, r-release-macos-arm64, r-release-macos-x86_64, r-release-windows-x86_64, r-oldrel-macos-arm64, r-oldrel-macos-x86_64, r-oldrel-windows-x86_64