Last updated on 2025-02-05 17:49:57 CET.
Flavor | Version | Tinstall | Tcheck | Ttotal | Status | Flags |
---|---|---|---|---|---|---|
r-devel-linux-x86_64-debian-clang | 5.1.0 | 9.36 | 94.66 | 104.02 | NOTE | |
r-devel-linux-x86_64-debian-gcc | 5.1.0 | 5.89 | 64.56 | 70.45 | NOTE | |
r-devel-linux-x86_64-fedora-clang | 5.1.0 | 172.44 | OK | |||
r-devel-linux-x86_64-fedora-gcc | 5.1.0 | 150.49 | OK | |||
r-devel-windows-x86_64 | 5.1.0 | 14.00 | 118.00 | 132.00 | NOTE | |
r-patched-linux-x86_64 | 5.1.0 | 14.02 | 87.43 | 101.45 | OK | |
r-release-linux-x86_64 | 5.1.0 | 7.46 | 86.45 | 93.91 | OK | |
r-release-macos-arm64 | 5.1.0 | 47.00 | OK | |||
r-release-macos-x86_64 | 5.1.0 | 72.00 | OK | |||
r-release-windows-x86_64 | 5.1.0 | 12.00 | 122.00 | 134.00 | OK | |
r-oldrel-macos-arm64 | 5.1.0 | 52.00 | OK | |||
r-oldrel-macos-x86_64 | 5.1.0 | 129.00 | OK | |||
r-oldrel-windows-x86_64 | 5.1.0 | 14.00 | 135.00 | 149.00 | OK |
Version: 5.1.0
Check: Rd cross-references
Result: NOTE
Found the following Rd file(s) with Rd \link{} targets missing package
anchors:
geom_tufteboxplot.Rd: stat_boxplot, geom_boxplot
scale_color_tableau.Rd: discrete_scale
scale_colour_canva.Rd: discrete_scale
theme_solid.Rd: theme
theme_tufte.Rd: geom_rug
Please provide package anchors for all Rd \link{} targets not in the
package itself and the base packages.
Flavors: r-devel-linux-x86_64-debian-clang, r-devel-linux-x86_64-debian-gcc, r-devel-windows-x86_64