CRAN Package Check Results for Package ggtext

Last updated on 2025-11-25 17:49:51 CET.

Flavor Version Tinstall Tcheck Ttotal Status Flags
r-devel-linux-x86_64-debian-clang 0.1.2 5.44 94.08 99.52 NOTE
r-devel-linux-x86_64-debian-gcc 0.1.2 4.31 67.49 71.80 NOTE
r-devel-linux-x86_64-fedora-clang 0.1.2 12.00 135.78 147.78 OK
r-devel-linux-x86_64-fedora-gcc 0.1.2 14.00 136.42 150.42 OK
r-devel-windows-x86_64 0.1.2 9.00 91.00 100.00 OK
r-patched-linux-x86_64 0.1.2 5.70 86.56 92.26 OK
r-release-linux-x86_64 0.1.2 5.64 86.55 92.19 OK
r-release-macos-arm64 0.1.2 OK
r-release-macos-x86_64 0.1.2 5.00 75.00 80.00 OK
r-release-windows-x86_64 0.1.2 9.00 93.00 102.00 OK
r-oldrel-macos-arm64 0.1.2 OK
r-oldrel-macos-x86_64 0.1.2 4.00 65.00 69.00 OK
r-oldrel-windows-x86_64 0.1.2 11.00 115.00 126.00 OK

Check Details

Version: 0.1.2
Check: DESCRIPTION meta-information
Result: NOTE Author field differs from that derived from Authors@R Author: ‘Claus O. Wilke [aut] (<https://orcid.org/0000-0002-7470-9261>), Brenton M. Wiernik [aut, cre] (<https://orcid.org/0000-0001-9560-6336>, @bmwiernik)’ Authors@R: ‘Claus O. Wilke [aut] (ORCID: <https://orcid.org/0000-0002-7470-9261>), Brenton M. Wiernik [aut, cre] (ORCID: <https://orcid.org/0000-0001-9560-6336>, Twitter: @bmwiernik)’ Flavors: r-devel-linux-x86_64-debian-clang, r-devel-linux-x86_64-debian-gcc