Last updated on 2025-02-05 17:49:57 CET.
Flavor | Version | Tinstall | Tcheck | Ttotal | Status | Flags |
---|---|---|---|---|---|---|
r-devel-linux-x86_64-debian-clang | 0.3.1 | 12.36 | 113.23 | 125.59 | NOTE | |
r-devel-linux-x86_64-debian-gcc | 0.3.1 | 9.10 | 80.62 | 89.72 | NOTE | |
r-devel-linux-x86_64-fedora-clang | 0.3.1 | 207.39 | NOTE | |||
r-devel-linux-x86_64-fedora-gcc | 0.3.1 | 196.00 | NOTE | |||
r-devel-windows-x86_64 | 0.3.1 | 14.00 | 120.00 | 134.00 | NOTE | |
r-patched-linux-x86_64 | 0.3.1 | 20.13 | 101.94 | 122.07 | OK | |
r-release-linux-x86_64 | 0.3.1 | 11.55 | 101.69 | 113.24 | OK | |
r-release-macos-arm64 | 0.3.1 | 63.00 | OK | |||
r-release-macos-x86_64 | 0.3.1 | 93.00 | OK | |||
r-release-windows-x86_64 | 0.3.1 | 15.00 | 119.00 | 134.00 | OK | |
r-oldrel-macos-arm64 | 0.3.1 | 51.00 | OK | |||
r-oldrel-macos-x86_64 | 0.3.1 | 100.00 | OK | |||
r-oldrel-windows-x86_64 | 0.3.1 | 19.00 | 147.00 | 166.00 | OK |
Version: 0.3.1
Check: Rd cross-references
Result: NOTE
Found the following Rd file(s) with Rd \link{} targets missing package
anchors:
stat_km.Rd: trans_new
stat_kmticks.Rd: trans_new, plot.survfit
Please provide package anchors for all Rd \link{} targets not in the
package itself and the base packages.
Flavors: r-devel-linux-x86_64-debian-clang, r-devel-linux-x86_64-debian-gcc, r-devel-windows-x86_64
Version: 0.3.1
Check: dependencies in R code
Result: NOTE
Namespaces in Imports field not imported from:
‘DT’ ‘Formula’ ‘GGally’ ‘Hmisc’ ‘RPostgres’ ‘colourpicker’ ‘ggpmisc’
‘ggpubr’ ‘glue’ ‘gridExtra’ ‘markdown’ ‘patchwork’ ‘plotly’
‘quantreg’ ‘shinyFiles’ ‘shinyjqui’ ‘shinyjs’ ‘table1’ ‘zoo’
All declared Imports should be used.
Flavors: r-devel-linux-x86_64-fedora-clang, r-devel-linux-x86_64-fedora-gcc