Last updated on 2025-02-10 17:49:11 CET.
Flavor | Version | Tinstall | Tcheck | Ttotal | Status | Flags |
---|---|---|---|---|---|---|
r-devel-linux-x86_64-debian-clang | 0.1.0 | 4.61 | 41.02 | 45.63 | NOTE | |
r-devel-linux-x86_64-debian-gcc | 0.1.0 | 3.39 | 30.86 | 34.25 | NOTE | |
r-devel-linux-x86_64-fedora-clang | 0.1.0 | 73.57 | OK | |||
r-devel-linux-x86_64-fedora-gcc | 0.1.0 | 68.58 | OK | |||
r-devel-windows-x86_64 | 0.1.0 | 8.00 | 60.00 | 68.00 | NOTE | |
r-patched-linux-x86_64 | 0.1.0 | 9.44 | 38.81 | 48.25 | NOTE | |
r-release-linux-x86_64 | 0.1.0 | 3.94 | 39.21 | 43.15 | NOTE | |
r-release-macos-arm64 | 0.1.0 | 27.00 | NOTE | |||
r-release-macos-x86_64 | 0.1.0 | 38.00 | NOTE | |||
r-release-windows-x86_64 | 0.1.0 | 9.00 | 60.00 | 69.00 | NOTE | |
r-oldrel-macos-arm64 | 0.1.0 | 30.00 | NOTE | |||
r-oldrel-macos-x86_64 | 0.1.0 | 41.00 | NOTE | |||
r-oldrel-windows-x86_64 | 0.1.0 | 9.00 | 68.00 | 77.00 | NOTE |
Version: 0.1.0
Check: Rd cross-references
Result: NOTE
Found the following Rd file(s) with Rd \link{} targets missing package
anchors:
geom_pointdensity.Rd: aes, aes_, ggplot, fortify, layer, borders
Please provide package anchors for all Rd \link{} targets not in the
package itself and the base packages.
Flavors: r-devel-linux-x86_64-debian-clang, r-devel-linux-x86_64-debian-gcc, r-devel-windows-x86_64
Version: 0.1.0
Check: LazyData
Result: NOTE
'LazyData' is specified without a 'data' directory
Flavors: r-patched-linux-x86_64, r-release-linux-x86_64, r-release-macos-arm64, r-release-macos-x86_64, r-release-windows-x86_64, r-oldrel-macos-arm64, r-oldrel-macos-x86_64, r-oldrel-windows-x86_64