Last updated on 2025-11-26 05:51:37 CET.
| Flavor | Version | Tinstall | Tcheck | Ttotal | Status | Flags |
|---|---|---|---|---|---|---|
| r-devel-linux-x86_64-debian-clang | 0.1.0 | 5.40 | 52.07 | 57.47 | OK | |
| r-devel-linux-x86_64-debian-gcc | 0.1.0 | 3.58 | 39.04 | 42.62 | OK | |
| r-devel-linux-x86_64-fedora-clang | 0.1.0 | 33.00 | 56.67 | 89.67 | OK | |
| r-devel-linux-x86_64-fedora-gcc | 0.1.0 | 13.00 | 66.25 | 79.25 | OK | |
| r-devel-windows-x86_64 | 0.1.0 | 8.00 | 62.00 | 70.00 | OK | |
| r-patched-linux-x86_64 | 0.1.0 | 5.31 | 47.91 | 53.22 | OK | |
| r-release-linux-x86_64 | 0.1.0 | 4.83 | 47.91 | 52.74 | OK | |
| r-release-macos-arm64 | 0.1.0 | OK | ||||
| r-release-macos-x86_64 | 0.1.0 | 4.00 | 33.00 | 37.00 | OK | |
| r-release-windows-x86_64 | 0.1.0 | 7.00 | 60.00 | 67.00 | OK | |
| r-oldrel-macos-arm64 | 0.1.0 | NOTE | ||||
| r-oldrel-macos-x86_64 | 0.1.0 | 3.00 | 28.00 | 31.00 | NOTE | |
| r-oldrel-windows-x86_64 | 0.1.0 | 10.00 | 75.00 | 85.00 | NOTE |
Version: 0.1.0
Check: LazyData
Result: NOTE
'LazyData' is specified without a 'data' directory
Flavors: r-oldrel-macos-arm64, r-oldrel-macos-x86_64, r-oldrel-windows-x86_64