Last updated on 2025-02-05 17:49:57 CET.
Flavor | Version | Tinstall | Tcheck | Ttotal | Status | Flags |
---|---|---|---|---|---|---|
r-devel-linux-x86_64-debian-clang | 0.4.0 | 6.44 | 93.93 | 100.37 | NOTE | |
r-devel-linux-x86_64-debian-gcc | 0.4.0 | 4.99 | 68.81 | 73.80 | NOTE | |
r-devel-linux-x86_64-fedora-clang | 0.4.0 | 153.66 | NOTE | |||
r-devel-linux-x86_64-fedora-gcc | 0.4.0 | 156.74 | NOTE | |||
r-devel-windows-x86_64 | 0.4.0 | 8.00 | 99.00 | 107.00 | NOTE | |
r-patched-linux-x86_64 | 0.4.0 | 7.33 | 84.72 | 92.05 | OK | |
r-release-linux-x86_64 | 0.4.0 | 6.47 | 84.64 | 91.11 | OK | |
r-release-macos-arm64 | 0.4.0 | 53.00 | OK | |||
r-release-macos-x86_64 | 0.4.0 | 91.00 | OK | |||
r-release-windows-x86_64 | 0.4.0 | 9.00 | 100.00 | 109.00 | OK | |
r-oldrel-macos-arm64 | 0.4.0 | 53.00 | OK | |||
r-oldrel-macos-x86_64 | 0.4.0 | 97.00 | OK | |||
r-oldrel-windows-x86_64 | 0.4.0 | 10.00 | 117.00 | 127.00 | OK |
Version: 0.4.0
Check: DESCRIPTION meta-information
Result: NOTE
Missing dependency on R >= 4.1.0 because package code uses the pipe
|> or function shorthand \(...) syntax added in R 4.1.0.
File(s) using such syntax:
‘inset_shape_circle.R’ ‘inset_shape_rectangle.R’ ‘inset_shape_sf.R’
Flavors: r-devel-linux-x86_64-debian-clang, r-devel-linux-x86_64-debian-gcc, r-devel-linux-x86_64-fedora-clang, r-devel-linux-x86_64-fedora-gcc, r-devel-windows-x86_64