Last updated on 2025-11-26 05:51:37 CET.
| Flavor | Version | Tinstall | Tcheck | Ttotal | Status | Flags |
|---|---|---|---|---|---|---|
| r-devel-linux-x86_64-debian-clang | 0.9.2 | 71.95 | 215.80 | 287.75 | OK | |
| r-devel-linux-x86_64-debian-gcc | 0.9.2 | 46.12 | 147.01 | 193.13 | OK | |
| r-devel-linux-x86_64-fedora-clang | 0.9.2 | 422.00 | 98.06 | 520.06 | OK | |
| r-devel-linux-x86_64-fedora-gcc | 0.9.2 | 146.00 | 293.17 | 439.17 | OK | |
| r-devel-windows-x86_64 | 0.9.2 | 109.00 | 228.00 | 337.00 | OK | |
| r-patched-linux-x86_64 | 0.9.2 | 75.23 | 202.37 | 277.60 | OK | |
| r-release-linux-x86_64 | 0.9.2 | 70.18 | 201.00 | 271.18 | OK | |
| r-release-macos-arm64 | 0.9.2 | OK | ||||
| r-release-macos-x86_64 | 0.9.2 | 39.00 | 278.00 | 317.00 | OK | |
| r-release-windows-x86_64 | 0.9.2 | 103.00 | 227.00 | 330.00 | OK | |
| r-oldrel-macos-arm64 | 0.9.2 | NOTE | ||||
| r-oldrel-macos-x86_64 | 0.9.2 | 35.00 | 268.00 | 303.00 | NOTE | |
| r-oldrel-windows-x86_64 | 0.9.2 | 111.00 | 301.00 | 412.00 | OK |
Version: 0.9.2
Check: installed package size
Result: NOTE
installed size is 6.6Mb
sub-directories of 1Mb or more:
libs 4.2Mb
Flavors: r-oldrel-macos-arm64, r-oldrel-macos-x86_64